{"id":12598,"date":"2025-04-28T10:08:24","date_gmt":"2025-04-28T08:08:24","guid":{"rendered":"https:\/\/cnprsv.ro\/?page_id=12598"},"modified":"2025-04-28T10:12:44","modified_gmt":"2025-04-28T08:12:44","slug":"erasmus-solidarity-for-a-better-world","status":"publish","type":"page","link":"https:\/\/cnprsv.ro\/?page_id=12598","title":{"rendered":"Erasmus+ \u201dSolidarity for a better world\u201d"},"content":{"rendered":"\n<p>Ultima mobilitate a proiectului Erasmus+ de scar\u0103 mic\u0103 \u201dSolidarity for a better world\u201d, cod KA 210-BY-22-2-24-99764, a avut loc \u00een s\u0103pt\u0103m\u00e2na 30 septembrie-6 octombrie 2024, \u00een Puente Tocinos, Murcia, Spania, la colegiul IES Aljada. <\/p>\n\n\n\n<p><a href=\"\/documente\/2024_octombrie_Mobilitate_Erasmus_Spania_Solidarity_for_a_better_world.pdf\" target=\"_blank\" rel=\"noreferrer noopener\">Mobilitate Spania<\/a><\/p>\n\n\n\n<p><a href=\"https:\/\/cnprsv.ro\/wp-content\/uploads\/2024\/05\/Fotografii.pdf\" target=\"_blank\" rel=\"noreferrer noopener\">Fotografii<\/a><\/p>\n\n\n\n<p>Colegiul Na\u021bional \u201dPetru Rare\u0219\u201d din Suceava a g\u0103zduit \u00een s\u0103pt\u0103m\u00e2na 22.04.2024 -26.04.2024 mobilitatea partenerilor din Germania, Fran\u021ba \u0219i Spania \u00een cadrul proiectului \u201dSolidarity for a Better World\u201d.<\/p>\n\n\n\n<p>La activit\u0103\u021bi au participat 22 de elevi \u0219i 10 profesori, coordonatori de activit\u0103\u021bi \u0219i \u00eenso\u021bitori. Limba oficial\u0103 de comunicare a fost limba englez\u0103, dar s-a vorbit destul de frecvent \u0219i limba francez\u0103, respectiv cea spaniol\u0103. To\u021bi participan\u021bii au \u00eenv\u0103\u021bat cuvinte \u00een limba rom\u00e2n\u0103.<\/p>\n\n\n\n<p>Tema \u00eentregii s\u0103pt\u0103m\u00e2ni a fost \u00een leg\u0103tur\u0103 cu refugia\u021bii de r\u0103zboi din Ucraina, cu modul \u00een care societatea sucevean\u0103 \u00eei sprijin\u0103 s\u0103 se adapteze \u0219i s\u0103 se integreze. Inclus \u00een aceasta, s-a abordat problematica elevilor care studiaz\u0103 \u00een Suceava, inclusiv \u00een Colegiul Na\u021bional \u201dPetru Rare\u0219\u201d din Suceava. Pe parcursul \u00eentregii s\u0103pt\u0103m\u00e2ni s-au derulat ateliere, s-au realizat dezbateri \u0219i s-a \u00eencercat g\u0103sirea de solu\u021bii generale pentru situa\u021bia refugia\u021bilor, dar de solu\u021bii particulare pentru c\u00e2teva cazuri concrete.<\/p>\n\n\n\n<p>Partenerii locali cu ajutorul c\u0103rora colegiul a derulat activit\u0103\u021bile de proiect au fost urm\u0103torii: Universitatea \u0218tefan cel Mare Suceava, prin Facultatea de Silvicultur\u0103 \u0219i Asocia\u021bia Studen\u021bilor FEEA, \u0218coala Gimnazial\u0103 \u201dDimitrie Onciul\u201d din Straja (reprezentat\u0103 de un ansamblu etnofolcloric de copii, \u00eenso\u021bit de d-na directoare Maria P\u0103tr\u0103ucean), Biroul de cooperare transfrontalier\u0103 Suceava, Inspectoratul de poli\u021bie Jude\u021bean Suceava, Alian\u021ba Francez\u0103 Suceava, Ocolul Silvic P\u0103tr\u0103u\u021bi \u0219i Asocia\u021bia ROUA.<\/p>\n\n\n\n<p>Feedback-ul dat de participan\u021bi la \u00eencheierea proiectului a fost inclus in Cartea de onoare a Colegiului Na\u021bional Petru Rare\u0219 din Suceava. Acesta este mai mult dec\u00e2t onorant.<\/p>\n\n\n\n<figure class=\"wp-block-embed is-type-wp-embed is-provider-televiziunea-intermedia-suceava wp-block-embed-televiziunea-intermedia-suceava\"><div class=\"wp-block-embed__wrapper\">\n<blockquote class=\"wp-embedded-content\" data-secret=\"v8CjshnVyy\"><a href=\"https:\/\/intermediatv.ro\/2024\/04\/26\/proiect-erasmus-desfasurat-la-colegiul-national-petru-rares-din-suceava\/\">Proiect Erasmus desf\u0103\u0219urat la Colegiul Na\u021bional \u201dPetru Rare\u0219\u201d din Suceava<\/a><\/blockquote><iframe loading=\"lazy\" class=\"wp-embedded-content\" sandbox=\"allow-scripts\" security=\"restricted\" style=\"position: absolute; visibility: hidden;\" title=\"&#8222;Proiect Erasmus desf\u0103\u0219urat la Colegiul Na\u021bional \u201dPetru Rare\u0219\u201d din Suceava&#8221; &#8211; Televiziunea Intermedia Suceava\" src=\"https:\/\/intermediatv.ro\/2024\/04\/26\/proiect-erasmus-desfasurat-la-colegiul-national-petru-rares-din-suceava\/embed\/#?secret=fqV6TIkFiQ#?secret=v8CjshnVyy\" data-secret=\"v8CjshnVyy\" width=\"500\" height=\"282\" frameborder=\"0\" marginwidth=\"0\" marginheight=\"0\" scrolling=\"no\"><\/iframe>\n<\/div><\/figure>\n\n\n\n<p><a href=\"https:\/\/www.obiectivdesuceava.ro\/local\/elevi-si-profesori-din-germania-franta-si-spania-intr-o-mobilitate-la-colegiul-national-petru-rares-in-cadrul-proiectului-erasmus-solidarity-for-a-better-world\/?fbclid=IwZXh0bgNhZW0CMTEAAR2fO-dDbiDd8ch6XulJERGKfTCwJRSqg1sJ36P2fnrvrDh3h893gi9aGsk_aem_AfloX4XtSrXoW5PXhne1amid8mnM2n3e4KS-_RXmOLeTeaETVMM_1a15ZPXlpP1RF6VNWImWYEZUE_ebOkRIH4YK\" target=\"_blank\" rel=\"noreferrer noopener\">Articol Obictiv de Suceava<\/a><\/p>\n\n\n\n<p><\/p>\n","protected":false},"excerpt":{"rendered":"<p>Ultima mobilitate a proiectului Erasmus+ de scar\u0103 mic\u0103 \u201dSolidarity for a better world\u201d, cod KA 210-BY-22-2-24-99764, a avut loc \u00een s\u0103pt\u0103m\u00e2na 30 septembrie-6 octombrie 2024, \u00een Puente Tocinos, Murcia, Spania, la colegiul IES Aljada. Mobilitate Spania Fotografii Colegiul Na\u021bional \u201dPetru<\/p>\n<div class=\"entry-read-more\"><a class=\"read-more-link\" href=\"https:\/\/cnprsv.ro\/?page_id=12598\">Read More<span class=\"cleanwp-sr-only\">  Erasmus+ \u201dSolidarity for a better world\u201d<\/span><\/a><\/div>\n","protected":false},"author":1,"featured_media":0,"parent":0,"menu_order":0,"comment_status":"closed","ping_status":"closed","template":"","meta":{"_editorskit_title_hidden":false,"_editorskit_reading_time":0,"_editorskit_is_block_options_detached":false,"_editorskit_block_options_position":"{}","footnotes":""},"class_list":["post-12598","page","type-page","status-publish","hentry"],"_links":{"self":[{"href":"https:\/\/cnprsv.ro\/index.php?rest_route=\/wp\/v2\/pages\/12598","targetHints":{"allow":["GET"]}}],"collection":[{"href":"https:\/\/cnprsv.ro\/index.php?rest_route=\/wp\/v2\/pages"}],"about":[{"href":"https:\/\/cnprsv.ro\/index.php?rest_route=\/wp\/v2\/types\/page"}],"author":[{"embeddable":true,"href":"https:\/\/cnprsv.ro\/index.php?rest_route=\/wp\/v2\/users\/1"}],"replies":[{"embeddable":true,"href":"https:\/\/cnprsv.ro\/index.php?rest_route=%2Fwp%2Fv2%2Fcomments&post=12598"}],"version-history":[{"count":2,"href":"https:\/\/cnprsv.ro\/index.php?rest_route=\/wp\/v2\/pages\/12598\/revisions"}],"predecessor-version":[{"id":12603,"href":"https:\/\/cnprsv.ro\/index.php?rest_route=\/wp\/v2\/pages\/12598\/revisions\/12603"}],"wp:attachment":[{"href":"https:\/\/cnprsv.ro\/index.php?rest_route=%2Fwp%2Fv2%2Fmedia&parent=12598"}],"curies":[{"name":"wp","href":"https:\/\/api.w.org\/{rel}","templated":true}]}}

<p>Ultima mobilitate a proiectului Erasmus+ de scară mică ”Solidarity for a better world”, cod KA 210-BY-22-2-24-99764, a avut loc în săptămâna 30 septembrie-6 octombrie 2024, în Puente Tocinos, Murcia, Spania, la colegiul IES Aljada. </p>



<p><a href="/documente/2024_octombrie_Mobilitate_Erasmus_Spania_Solidarity_for_a_better_world.pdf" target="_blank" rel="noreferrer noopener">Mobilitate Spania</a></p>



<p><a href="https://cnprsv.ro/wp-content/uploads/2024/05/Fotografii.pdf" target="_blank" rel="noreferrer noopener">Fotografii</a></p>



<p>Colegiul Național ”Petru Rareș” din Suceava a găzduit în săptămâna 22.04.2024 -26.04.2024 mobilitatea partenerilor din Germania, Franța și Spania în cadrul proiectului ”Solidarity for a Better World”.</p>



<p>La activități au participat 22 de elevi și 10 profesori, coordonatori de activități și însoțitori. Limba oficială de comunicare a fost limba engleză, dar s-a vorbit destul de frecvent și limba franceză, respectiv cea spaniolă. Toți participanții au învățat cuvinte în limba română.</p>



<p>Tema întregii săptămâni a fost în legătură cu refugiații de război din Ucraina, cu modul în care societatea suceveană îi sprijină să se adapteze și să se integreze. Inclus în aceasta, s-a abordat problematica elevilor care studiază în Suceava, inclusiv în Colegiul Național ”Petru Rareș” din Suceava. Pe parcursul întregii săptămâni s-au derulat ateliere, s-au realizat dezbateri și s-a încercat găsirea de soluții generale pentru situația refugiaților, dar de soluții particulare pentru câteva cazuri concrete.</p>



<p>Partenerii locali cu ajutorul cărora colegiul a derulat activitățile de proiect au fost următorii: Universitatea Ștefan cel Mare Suceava, prin Facultatea de Silvicultură și Asociația Studenților FEEA, Școala Gimnazială ”Dimitrie Onciul” din Straja (reprezentată de un ansamblu etnofolcloric de copii, însoțit de d-na directoare Maria Pătrăucean), Biroul de cooperare transfrontalieră Suceava, Inspectoratul de poliție Județean Suceava, Alianța Franceză Suceava, Ocolul Silvic Pătrăuți și Asociația ROUA.</p>



<p>Feedback-ul dat de participanți la încheierea proiectului a fost inclus in Cartea de onoare a Colegiului Național Petru Rareș din Suceava. Acesta este mai mult decât onorant.</p>



<figure class="wp-block-embed is-type-wp-embed is-provider-televiziunea-intermedia-suceava wp-block-embed-televiziunea-intermedia-suceava"><div class="wp-block-embed__wrapper">
<blockquote class="wp-embedded-content" data-secret="v8CjshnVyy"><a href="https://intermediatv.ro/2024/04/26/proiect-erasmus-desfasurat-la-colegiul-national-petru-rares-din-suceava/">Proiect Erasmus desfășurat la Colegiul Național ”Petru Rareș” din Suceava</a></blockquote><iframe loading="lazy" class="wp-embedded-content" sandbox="allow-scripts" security="restricted" style="position: absolute; visibility: hidden;" title="&#8222;Proiect Erasmus desfășurat la Colegiul Național ”Petru Rareș” din Suceava&#8221; &#8211; Televiziunea Intermedia Suceava" src="https://intermediatv.ro/2024/04/26/proiect-erasmus-desfasurat-la-colegiul-national-petru-rares-din-suceava/embed/#?secret=fqV6TIkFiQ#?secret=v8CjshnVyy" data-secret="v8CjshnVyy" width="500" height="282" frameborder="0" marginwidth="0" marginheight="0" scrolling="no"></iframe>
</div></figure>



<p><a href="https://www.obiectivdesuceava.ro/local/elevi-si-profesori-din-germania-franta-si-spania-intr-o-mobilitate-la-colegiul-national-petru-rares-in-cadrul-proiectului-erasmus-solidarity-for-a-better-world/?fbclid=IwZXh0bgNhZW0CMTEAAR2fO-dDbiDd8ch6XulJERGKfTCwJRSqg1sJ36P2fnrvrDh3h893gi9aGsk_aem_AfloX4XtSrXoW5PXhne1amid8mnM2n3e4KS-_RXmOLeTeaETVMM_1a15ZPXlpP1RF6VNWImWYEZUE_ebOkRIH4YK" target="_blank" rel="noreferrer noopener">Articol Obictiv de Suceava</a></p>



<p></p>

<p>Ultima mobilitate a proiectului Erasmus+ de scară mică ”Solidarity for a better world”, cod KA 210-BY-22-2-24-99764, a avut loc în săptămâna 30 septembrie-6 octombrie 2024, în Puente Tocinos, Murcia, Spania, la colegiul IES Aljada. Mobilitate Spania Fotografii Colegiul Național ”Petru</p>
<div class="entry-read-more"><a class="read-more-link" href="https://cnprsv.ro/?page_id=12598">Read More<span class="cleanwp-sr-only">  Erasmus+ ”Solidarity for a better world”</span></a></div>
