{"id":12609,"date":"2025-04-28T12:33:19","date_gmt":"2025-04-28T10:33:19","guid":{"rendered":"https:\/\/cnprsv.ro\/?page_id=12609"},"modified":"2025-04-28T13:15:35","modified_gmt":"2025-04-28T11:15:35","slug":"erasmuska2-the-art-of-food","status":"publish","type":"page","link":"https:\/\/cnprsv.ro\/?page_id=12609","title":{"rendered":"ERASMUS+ KA2\u00a0\u201cThe Art of Food\u201d"},"content":{"rendered":"\r\n<p>Colegiul Na\u021bional \u201dPetru Rare\u0219\u201d din Suceava finalizeaz\u0103 \u00een anul 2023, \u00eempreun\u0103 cu partenerii s\u0103i, proiectul ERASMUS+KA2 <strong>\u201cThe Art of Food\u201d<\/strong> av\u00e2nd codul 2020-1-AT01-KA229-078023. Perioada complet\u0103 de derulare a activit\u0103\u021bilor de proiect este septembrie 2020 &#8211; august 2023, iar partenerii interna\u021bionali din cadrul proiectului sunt:<\/p>\r\n\r\n\r\n\r\n<ul>\r\n<li><span style=\"color: initial;\">BG\/BRG\/NMS Klusemannstra\u00dfe, Graz, Austria<\/span><\/li>\r\n<li>\r\n\r\n<span style=\"color: initial;\">HLW, Hartberg, Austria<\/span><\/li>\r\n<li>\r\n\r\n<span style=\"color: initial;\">Herttoniemen Yhteiskoulu, Helsinki, Finlanda<\/span><\/li>\r\n<li>\r\n\r\n<span style=\"color: initial;\">Institut Can Puig, Sant Pere de Ribes, Spania<\/span><\/li>\r\n<li>\r\n\r\n<span style=\"color: initial;\">Colegiul Na\u021bional Petru Rare\u0219, Suceava, Rom\u00e2nia<\/span>\u00a0<\/li>\r\n<\/ul>\r\n\r\n\r\n\r\n<p>Este un proiect complex, care abordeaz\u0103 problematica alimenta\u021biei din foarte multe perspective: cultural\u0103, economic\u0103, social\u0103, ecologic\u0103 artistic\u0103, dar \u0219i educativ\u0103, totul pe fondul particularit\u021bilor na\u021bionale ale t\u0103rilor partenere.\u00a0 \u00a0\u00cen perioada 10.10.2022-14.10.2022 a avut loc mobilitatea partenerilor interna\u021bionali la Suceava, iar \u00een perioada 04.11 2022-11.11.2022 a avut loc deplasarea simultan\u0103 a elevilor din grupul \u021bint\u0103 al Colegiului Na\u021bional \u201dPetru Rare\u0219\u201d \u00een \u0219colile partenere. \u00a0C\u0103teva m\u0103rturii legate de activit\u0103\u021bile de proiect sunt prezentate \u00een cele ce urmeaz\u0103\u2026 &#8211;<\/p>\r\n\r\n\r\n\r\n<ul>\r\n<li>mobilitatea de la Suceava la\u00a0 <a href=\"https:\/\/www.bucovinatv.ro\/in-curtea-scolii-11-octombrie-2022\/\" target=\"_blank\" rel=\"noopener\">Bucovina TV<\/a> minutul 6:40 la minutul 8:40<\/li>\r\n<li>\r\n\r\n<a href=\"https:\/\/m.facebook.com\/story.php?story_fbid=5542969332490578&amp;id=100003326982343&amp;sfnsn=mo\" target=\"_blank\" rel=\"noopener\">Facebook<\/a><\/li>\r\n<li>\r\n\r\n<a href=\"http:\/\/www.intermediatv.ro\/2022\/10\/14\/the-art-of-food-proiect-inedit-la-cn-petru-rares-suceava-spanioli-finlandezi-si-austrieci-au-gatit-mancare-bucovineana\/\" target=\"_blank\" rel=\"noopener\">Intermedia TV<\/a><\/li>\r\n<li>\r\n\r\n<a href=\"https:\/\/m.facebook.com\/story.php?story_fbid=5542969332490578&amp;id=100003326982343&amp;sfnsn=mo\" target=\"_blank\" rel=\"noopener\">Facebook<\/a><\/li>\r\n<\/ul>\r\n<p>&nbsp;<\/p>\r\n\r\n\r\n\r\n<p><a href=\"\/documente\/Mobilitate in Romania ziua 1.pdf\">Mobilitate in Romania ziua 1<\/a><\/p>\r\n\r\n\r\n\r\n<p><a href=\"\/documente\/Mobilitate in Romania ziua 2.pdf\">Mobilitate \u00een Rom\u00e2nia ziua 2<\/a><\/p>\r\n\r\n\r\n\r\n<p><a href=\"\/documente\/Mobilitate in Romania ziua 3.pdf\">Mobilitate \u00een Rom\u00e2nia ziua 3<\/a><\/p>\r\n\r\n\r\n\r\n<p><a href=\"\/documente\/Mobilitate in Romania ziua 4.pdf\">Mobilitate \u00een Rom\u00e2nia ziua 4<\/a><\/p>\r\n\r\n\r\n\r\n<p><a href=\"\/documente\/Feedback Mobilitate elevi Finlanda noi 2022.docx\">Feedback mobilitate elevi Finlanda<\/a><\/p>\r\n\r\n\r\n\r\n<p><a href=\"\/documente\/Feedback mobilitate elevi Spania nov 2022.docx\">Feedback mobilitate elevi Spania<\/a><\/p>\r\n\r\n\r\n\r\n<p><a href=\"\/documente\/Feedback mobilitate elevi Austria noi 2022.docx\">Feedback mobilitate elevi Austria<\/a><\/p>\r\n","protected":false},"excerpt":{"rendered":"<p>Colegiul Na\u021bional \u201dPetru Rare\u0219\u201d din Suceava finalizeaz\u0103 \u00een anul 2023, \u00eempreun\u0103 cu partenerii s\u0103i, proiectul ERASMUS+KA2 \u201cThe Art of Food\u201d av\u00e2nd codul 2020-1-AT01-KA229-078023. Perioada complet\u0103 de derulare a activit\u0103\u021bilor de proiect este septembrie 2020 &#8211; august 2023, iar partenerii interna\u021bionali<\/p>\n<div class=\"entry-read-more\"><a class=\"read-more-link\" href=\"https:\/\/cnprsv.ro\/?page_id=12609\">Read More<span class=\"cleanwp-sr-only\">  ERASMUS+ KA2\u00a0\u201cThe Art of Food\u201d<\/span><\/a><\/div>\n","protected":false},"author":1,"featured_media":0,"parent":0,"menu_order":0,"comment_status":"closed","ping_status":"closed","template":"","meta":{"_editorskit_title_hidden":false,"_editorskit_reading_time":0,"_editorskit_is_block_options_detached":false,"_editorskit_block_options_position":"{}","footnotes":""},"class_list":["post-12609","page","type-page","status-publish","hentry"],"_links":{"self":[{"href":"https:\/\/cnprsv.ro\/index.php?rest_route=\/wp\/v2\/pages\/12609","targetHints":{"allow":["GET"]}}],"collection":[{"href":"https:\/\/cnprsv.ro\/index.php?rest_route=\/wp\/v2\/pages"}],"about":[{"href":"https:\/\/cnprsv.ro\/index.php?rest_route=\/wp\/v2\/types\/page"}],"author":[{"embeddable":true,"href":"https:\/\/cnprsv.ro\/index.php?rest_route=\/wp\/v2\/users\/1"}],"replies":[{"embeddable":true,"href":"https:\/\/cnprsv.ro\/index.php?rest_route=%2Fwp%2Fv2%2Fcomments&post=12609"}],"version-history":[{"count":4,"href":"https:\/\/cnprsv.ro\/index.php?rest_route=\/wp\/v2\/pages\/12609\/revisions"}],"predecessor-version":[{"id":12621,"href":"https:\/\/cnprsv.ro\/index.php?rest_route=\/wp\/v2\/pages\/12609\/revisions\/12621"}],"wp:attachment":[{"href":"https:\/\/cnprsv.ro\/index.php?rest_route=%2Fwp%2Fv2%2Fmedia&parent=12609"}],"curies":[{"name":"wp","href":"https:\/\/api.w.org\/{rel}","templated":true}]}}

<p>Colegiul Național ”Petru Rareș” din Suceava finalizează în anul 2023, împreună cu partenerii săi, proiectul ERASMUS+KA2 <strong>“The Art of Food”</strong> având codul 2020-1-AT01-KA229-078023. Perioada completă de derulare a activităților de proiect este septembrie 2020 &#8211; august 2023, iar partenerii internaționali din cadrul proiectului sunt:</p>



<ul>
<li><span style="color: initial;">BG/BRG/NMS Klusemannstraße, Graz, Austria</span></li>
<li>

<span style="color: initial;">HLW, Hartberg, Austria</span></li>
<li>

<span style="color: initial;">Herttoniemen Yhteiskoulu, Helsinki, Finlanda</span></li>
<li>

<span style="color: initial;">Institut Can Puig, Sant Pere de Ribes, Spania</span></li>
<li>

<span style="color: initial;">Colegiul Național Petru Rareș, Suceava, România</span> </li>
</ul>



<p>Este un proiect complex, care abordează problematica alimentației din foarte multe perspective: culturală, economică, socială, ecologică artistică, dar și educativă, totul pe fondul particularitților naționale ale tărilor partenere.   În perioada 10.10.2022-14.10.2022 a avut loc mobilitatea partenerilor internaționali la Suceava, iar în perioada 04.11 2022-11.11.2022 a avut loc deplasarea simultană a elevilor din grupul țintă al Colegiului Național ”Petru Rareș” în școlile partenere.  Căteva mărturii legate de activitățile de proiect sunt prezentate în cele ce urmează… &#8211;</p>



<ul>
<li>mobilitatea de la Suceava la  <a href="https://www.bucovinatv.ro/in-curtea-scolii-11-octombrie-2022/" target="_blank" rel="noopener">Bucovina TV</a> minutul 6:40 la minutul 8:40</li>
<li>

<a href="https://m.facebook.com/story.php?story_fbid=5542969332490578&amp;id=100003326982343&amp;sfnsn=mo" target="_blank" rel="noopener">Facebook</a></li>
<li>

<a href="http://www.intermediatv.ro/2022/10/14/the-art-of-food-proiect-inedit-la-cn-petru-rares-suceava-spanioli-finlandezi-si-austrieci-au-gatit-mancare-bucovineana/" target="_blank" rel="noopener">Intermedia TV</a></li>
<li>

<a href="https://m.facebook.com/story.php?story_fbid=5542969332490578&amp;id=100003326982343&amp;sfnsn=mo" target="_blank" rel="noopener">Facebook</a></li>
</ul>
<p>&nbsp;</p>



<p><a href="/documente/Mobilitate in Romania ziua 1.pdf">Mobilitate in Romania ziua 1</a></p>



<p><a href="/documente/Mobilitate in Romania ziua 2.pdf">Mobilitate în România ziua 2</a></p>



<p><a href="/documente/Mobilitate in Romania ziua 3.pdf">Mobilitate în România ziua 3</a></p>



<p><a href="/documente/Mobilitate in Romania ziua 4.pdf">Mobilitate în România ziua 4</a></p>



<p><a href="/documente/Feedback Mobilitate elevi Finlanda noi 2022.docx">Feedback mobilitate elevi Finlanda</a></p>



<p><a href="/documente/Feedback mobilitate elevi Spania nov 2022.docx">Feedback mobilitate elevi Spania</a></p>



<p><a href="/documente/Feedback mobilitate elevi Austria noi 2022.docx">Feedback mobilitate elevi Austria</a></p>

<p>Colegiul Național ”Petru Rareș” din Suceava finalizează în anul 2023, împreună cu partenerii săi, proiectul ERASMUS+KA2 “The Art of Food” având codul 2020-1-AT01-KA229-078023. Perioada completă de derulare a activităților de proiect este septembrie 2020 &#8211; august 2023, iar partenerii internaționali</p>
<div class="entry-read-more"><a class="read-more-link" href="https://cnprsv.ro/?page_id=12609">Read More<span class="cleanwp-sr-only">  ERASMUS+ KA2 “The Art of Food”</span></a></div>
