{"id":13047,"date":"2025-10-17T11:32:17","date_gmt":"2025-10-17T09:32:17","guid":{"rendered":"https:\/\/cnprsv.ro\/?page_id=13047"},"modified":"2026-02-13T15:39:51","modified_gmt":"2026-02-13T13:39:51","slug":"imbunatatirea-nivelului-de-perceptie-si-actiune-al-elevilor-si-al-personalului-didactic-didactic-auxiliar-in-legatura-cu-necesitatea-realizarii-unei-eficiente-educatii-pentru-dezvoltare-sustenabila","status":"publish","type":"page","link":"https:\/\/cnprsv.ro\/?page_id=13047","title":{"rendered":"Erasmus acreditare C3"},"content":{"rendered":"<p>Proiectul <strong><em>\u00cembun\u0103t\u0103\u021birea nivelului de percep\u021bie \u0219i ac\u021biune al elevilor \u0219i al profesorilor \u00een leg\u0103tur\u0103 cu necesitatea realiz\u0103rii unei eficiente educa\u021bii pentru dezvoltare sustenabil\u0103<\/em><\/strong>.<br \/>\n2025-1-RO01-KA121-SCH-000308907<\/p>\n<p>&nbsp;<\/p>\n<p style=\"text-align: center;\">Participarea la cursul<br \/>\n<strong><em>Smart Systems for Ambient Assisted Living &#8211; Healthcare and Environment<\/em><\/strong><br \/>\n(Lisabona, Portugalia, 23-28 iunie 2025)<\/p>\n<p>Cinci profesori ai Colegiului Na\u021bional \u201dPetru Rare\u0219\u201d Suceava, care predau disciplinele: fizic\u0103, biologie \u0219i informatic\u0103 au participat la <strong>cursul <em>Sisteme inteligente pentru via\u021ba asistat\u0103 ambiental &#8211; \u00eengrijirea s\u0103n\u0103t\u0103\u021bii \u0219i a mediului<\/em><\/strong>, organizat de Institutul Universitar din Lisabona (ISCTE).<\/p>\n<p>Obiectivul principal al cursului a fost: \u201dTransferul de cuno\u0219tin\u021be \u0219i exersarea de competen\u021be \u00een domeniul tehnologiilor utilizate \u00een dezvoltarea sistemelor inteligente asociate cu digitalizarea societ\u0103\u021bii \u0219i cu predarea \u0219tiin\u021belor pornind de la acestea\u201d.<\/p>\n<p>Activitatea formativ\u0103 s-a derulat \u00een cadrul a dou\u0103 module.<\/p>\n<p>Primul a fost modulul teoretic, cu formatori profesori de la Universitatea gazda (ISCTE, Lisabona, Portugalia) \u0219i de la universit\u0103\u021bi partenere (din Kazahstan, Spania, Germania, Italia, Romania). Toate workshop urile au inclus prezentarea unor proiecte de cercetare, de interes practic \u0219i de noutate \u00een domeniile: Ambient Assisting Living (AAL) \u0219i Environment Monitoring. C\u00e2teva exemple, pe marginea c\u0103rora s-au realizat discu\u021bii cu rol de integrare a cuno\u0219tin\u021belor \u0219i de analiz\u0103 a aplicabilit\u0103\u021bii solu\u021biilor prezentate sunt: Case inteligente monitorizate IoT, E-textile \u0219i senzori SMART ce pot fi ata\u0219a\u021bi \u00eembr\u0103c\u0103mintei, Tehnica XOG pentru persoane cu dizabilit\u0103\u021bi, Machine Learning pentru \u00eengrijire medical\u0103 \u0219i tratament personalizat, Solu\u021bii de terapie bazate pe realitate extinsa, Monitorizarea stasului pentru persoane care lucreaz\u0103 in IT, Dispozitive medicale pentru AAL, etc.<\/p>\n<p>Cel de-al doilea modul a fost unul practic, el derul\u00e2ndu-se \u00een localitatea de munte Penha Garcia, departe de surse de poluare, tot din Portugalia. Organizatorii cursului au deplasat echipamente cu care au prelevat mostre de aer, sol, apa \u0219i au f\u0103cut analize, cump\u0103r\u00e2nd rezultatele cu cele din Lisabona. S-au purtat discu\u021bii asupra relevantei parametrilor m\u0103sura\u021bi \u0219i a posibilit\u0103\u021bii de dezvoltare a noi echipamente de monitorizare. Au fost abordate topice din domeniile Ecologiei acustice, Termografiei aplicate, Imaginilor la distanta, Spectroscopie NIR.<\/p>\n<p>Participarea la curs a fost o experien\u021b\u0103 pozitiv\u0103 din multe puncte de vedere. Referitor la formarea profesional\u0103, ea a fost un mare plus, \u00eentruc\u00e2t au fost acumulate cuno\u0219tin\u021be \u0219i au fost dezvoltate abilit\u0103\u021bi utile \u00een predarea fizicii, biologiei etc, a \u0219tiin\u021belor \u00een general, \u00een conceperea \u0219i derularea de demersuri educative integratoare de tip STEM, lucru care este de mare actualitate, cerut de modific\u0103rile de pe pia\u021ba muncii \u0219i de modul \u00een care sunt organizate \u00een prezent studiile universitare. Aceste modific\u0103ri impun transform\u0103ri \u00een domeniul didacticii \u0219i pedagogiei, care au un ritm mai sc\u0103zut \u00een raport cu \u00eense\u0219i modific\u0103rile. Prin faptul ca formatorii au fost profesori universitari \u0219i c\u0103 loca\u021bia cursului a fost o universitate, s-a realizat o conectare a mediilor preuniversitar \u0219i universitar, \u00een urm\u0103toarele direc\u021bii: a fost relevat nivelul de competente pe care trebuie s\u0103-l aib\u0103 un elev pentru a deveni student la o universitate tehnic\u0103, s-a luat contact cu diferite moduri \u00een care se realizeaz\u0103, raporteaz\u0103 \u0219i prezint\u0103 o cercetare universitara real\u0103 \u0219i cu modul de abordare a priorit\u0103\u021bilor europene etc. De asemenea, au fost dezvoltate competen\u021be \u00een domeniul informatic \u0219i al utiliz\u0103rii informaticii in diferite alte domenii, lucru care de obicei se prezint\u0103 intrinsec (f\u0103r\u0103 prezentarea didactic\u0103 a pa\u0219ilor de urmat).<\/p>\n<p>Evaluarea s-a realizat prin cuantificarea progresului cursan\u021bilor din punctul de vedere al cuno\u0219tin\u021belor, abilita\u021bilor de manevrare a aparatelor, dar \u0219i a atitudinilor fa\u021b\u0103 de prezervarea mediului \u0219i a sprijinirii persoanelor vulnerabile. S-a realizat certificarea \u00eenv\u0103\u021b\u0103rii prin dou\u0103 documente, dintre care unul de tip universitar, cu specificarea num\u0103rului de ECTS ob\u021binute.<\/p>\n<p>Competen\u021bele dezvoltate prin parcurgerea cursului sunt diverse \u0219i de diferite facturi. In format Europass, competen\u021bele dezvoltate prin participarea la programul cursului \u0219i la activit\u0103\u021bile practice de detec\u021bie \u0219i instrumenta\u021bie (monitorizarea st\u0103rii s\u0103n\u0103t\u0103\u021bii umane, evaluarea calit\u0103\u021bii mediului, aplicarea pe scenarii AAL) \u0219i tehnologii emergente (realitate virtual\u0103 &#8211; VR \u0219i realitate extins\u0103 &#8211; XR, inteligen\u021b\u0103 artificial\u0103 &#8211; solu\u021bii IA pentru AAL), sunt urm\u0103toarele:<\/p>\n<ul>\n<li>Competen\u021be \u0219tiin\u021bifice \u0219i pedagogice:\n<ul>\n<li>dezvoltarea abilit\u0103\u021bilor de integrare a tehnologiei \u00een crearea de noi materiale didactice utile \u00een predarea urm\u0103toarelor discipline: fizic\u0103, biologie, informatic\u0103<\/li>\n<li>cunoa\u0219terea modului \u00een care se desf\u0103\u0219oar\u0103 cercetarea universitar\u0103 \u00een domeniul monitoriz\u0103rii s\u0103n\u0103t\u0103\u021bii umane \u0219i a mediului \u0219i identificarea posibilit\u0103\u021bilor de adaptare la nivel preuniversitar<\/li>\n<li>dezvoltarea abilit\u0103\u021bilor de \u00eenv\u0103\u021bare \u0219i predare \u00een structura STEM<\/li>\n<\/ul>\n<\/li>\n<li>Competen\u021be lingvistice\n<ul>\n<li>competen\u021be orale, de citire \u0219i de scriere \u00een limba englez\u0103<\/li>\n<\/ul>\n<\/li>\n<li>Competen\u021be informatice\n<ul>\n<li>utilizarea senzorilor inteligen\u021bi, instrumentelor \u0219i m\u0103sur\u0103torilor, tehnologiilor IoT pentru monitorizarea calit\u0103\u021bii mediului \u00eenconjur\u0103tor \u0219i a s\u0103n\u0103t\u0103\u021bii locuin\u021bei<\/li>\n<li>cuno\u0219tin\u021be \u0219i abilit\u0103\u021bi practice de utilizare a tehnologiilor hardware \u0219i software asociate cu sistemele inteligente pentru asisten\u021b\u0103 la via\u021b\u0103 ambiental\u0103 (AAL)<\/li>\n<\/ul>\n<\/li>\n<li>Abilit\u0103\u021bi organizatorice\n<ul>\n<li>gestionarea resurselor individuale<\/li>\n<li>cooborarea activit\u0103\u021bilor individuale cu cele ale grupului<\/li>\n<li>organizarea unor demersuri educative, pornind de la observarea naturii \u00eenconjur\u0103toare \u0219i de la nevoile oamenilor in ceea ce prive\u0219te monitorizarea s\u0103n\u0103t\u0103\u021bii \u0219i securitatea locuin\u021bei<\/li>\n<\/ul>\n<\/li>\n<li>Abilit\u0103\u021bi de comunicare\n<ul>\n<li>\u00a0dob\u00e2ndirea unui limbaj specializat \u00een domeniul sistemelor inteligente de \u00eengrijire asistata \u0219i de mediu<\/li>\n<\/ul>\n<\/li>\n<li>Alte abilit\u0103\u021bi\n<ul>\n<li>integrarea \u00een AAL a unei viziuni interdisciplinare provenite din psihologie \u0219i arhitectur\u0103<\/li>\n<\/ul>\n<\/li>\n<\/ul>\n<p>Dimensiunea cultural\u0103 a mobilit\u0103\u021bii a fost una important\u0103. Ea a inclus interac\u021biunea multi lingvistic\u0103, interferarea diferitelor modalit\u0103\u021bi de manifestare \u0219i comunicare care s-a realizat \u00een grupul formabililor. Acesta a inclus persoane de diferite v\u00e2rste (studen\u021bi masteranzi \u0219i doctoranzi, profesori de nivel preuniversitar) din Romania (din mai multe unit\u0103\u021bi de trimitere), Portugalia \u0219i Kazahstan. De asemenea, dimensiunea cultural\u0103 a mobilit\u0103\u021bii fost \u00eentregit\u0103 \u0219i de ceea ce ora\u0219ul Lisabona a oferit din punctul de vedere al arhitecturii, al vestigiilor trecutului, al spectacolelor interioare \u0219i stradale, al gastronomiei etc. La Penha Garcia masa a fost preparat\u0103 de o familie de ucraineni, refugia\u021bi de r\u0103zboi, \u00een apropierea monumentului local al Transfugilor, acest lucru contribuind la \u00eent\u0103rirea ata\u0219amentului pentru valorile europene.<\/p>\n<p>&nbsp;<\/p>\n<p><a href=\"https:\/\/cnprsv.ro\/wp-content\/uploads\/2025\/10\/Picture2.jpg\" rel=\"lightbox[13047]\"><img loading=\"lazy\" decoding=\"async\" class=\"aligncenter wp-image-13050\" src=\"https:\/\/cnprsv.ro\/wp-content\/uploads\/2025\/10\/Picture2.jpg\" alt=\"fotografie grup de persoane in aer liber\" width=\"476\" height=\"289\" srcset=\"https:\/\/cnprsv.ro\/wp-content\/uploads\/2025\/10\/Picture2.jpg 476w, https:\/\/cnprsv.ro\/wp-content\/uploads\/2025\/10\/Picture2-300x182.jpg 300w, https:\/\/cnprsv.ro\/wp-content\/uploads\/2025\/10\/Picture2-240x146.jpg 240w\" sizes=\"auto, (max-width: 476px) 100vw, 476px\" \/><\/a><\/p>\n<p><a href=\"https:\/\/cnprsv.ro\/wp-content\/uploads\/2025\/10\/Picture1.jpg\" rel=\"lightbox[13047]\"><img loading=\"lazy\" decoding=\"async\" class=\"aligncenter size-full wp-image-13051\" src=\"https:\/\/cnprsv.ro\/wp-content\/uploads\/2025\/10\/Picture1.jpg\" alt=\"fotografie grup de persoane in interior\" width=\"468\" height=\"252\" srcset=\"https:\/\/cnprsv.ro\/wp-content\/uploads\/2025\/10\/Picture1.jpg 468w, https:\/\/cnprsv.ro\/wp-content\/uploads\/2025\/10\/Picture1-300x162.jpg 300w, https:\/\/cnprsv.ro\/wp-content\/uploads\/2025\/10\/Picture1-240x129.jpg 240w\" sizes=\"auto, (max-width: 468px) 100vw, 468px\" \/><\/a><\/p>\n<p>&nbsp;<\/p>\n<p>Sesiunea de diseminare a mobilit\u0103\u021bii din cadrul Colegiului Na\u021bional \u201ePetru Rare\u0219\u201d Suceava a avut loc \u00een data de 20.10.2025. Adresabilitatea a fost c\u0103tre profesorii \u0219i personalul didactic ai colegiului. Pentru mai multe informa\u021bii da\u021bi click <a href=\"\/documente\/2026_februarie_Diseminare_mobilitate_Portugalia_final_Diseminare curs_Smart_Systems.pdf\" target=\"_blank\" rel=\"noopener\">aici<\/a>.<\/p>\n","protected":false},"excerpt":{"rendered":"<p>Proiectul \u00cembun\u0103t\u0103\u021birea nivelului de percep\u021bie \u0219i ac\u021biune al elevilor \u0219i al profesorilor \u00een leg\u0103tur\u0103 cu necesitatea realiz\u0103rii unei eficiente educa\u021bii pentru dezvoltare sustenabil\u0103. 2025-1-RO01-KA121-SCH-000308907 &nbsp; Participarea la cursul Smart Systems for Ambient Assisted Living &#8211; Healthcare and Environment (Lisabona, Portugalia,<\/p>\n<div class=\"entry-read-more\"><a class=\"read-more-link\" href=\"https:\/\/cnprsv.ro\/?page_id=13047\">Read More<span class=\"cleanwp-sr-only\">  Erasmus acreditare C3<\/span><\/a><\/div>\n","protected":false},"author":1,"featured_media":0,"parent":0,"menu_order":0,"comment_status":"closed","ping_status":"closed","template":"","meta":{"_editorskit_title_hidden":false,"_editorskit_reading_time":0,"_editorskit_is_block_options_detached":false,"_editorskit_block_options_position":"{}","footnotes":""},"class_list":["post-13047","page","type-page","status-publish","hentry"],"_links":{"self":[{"href":"https:\/\/cnprsv.ro\/index.php?rest_route=\/wp\/v2\/pages\/13047","targetHints":{"allow":["GET"]}}],"collection":[{"href":"https:\/\/cnprsv.ro\/index.php?rest_route=\/wp\/v2\/pages"}],"about":[{"href":"https:\/\/cnprsv.ro\/index.php?rest_route=\/wp\/v2\/types\/page"}],"author":[{"embeddable":true,"href":"https:\/\/cnprsv.ro\/index.php?rest_route=\/wp\/v2\/users\/1"}],"replies":[{"embeddable":true,"href":"https:\/\/cnprsv.ro\/index.php?rest_route=%2Fwp%2Fv2%2Fcomments&post=13047"}],"version-history":[{"count":6,"href":"https:\/\/cnprsv.ro\/index.php?rest_route=\/wp\/v2\/pages\/13047\/revisions"}],"predecessor-version":[{"id":13221,"href":"https:\/\/cnprsv.ro\/index.php?rest_route=\/wp\/v2\/pages\/13047\/revisions\/13221"}],"wp:attachment":[{"href":"https:\/\/cnprsv.ro\/index.php?rest_route=%2Fwp%2Fv2%2Fmedia&parent=13047"}],"curies":[{"name":"wp","href":"https:\/\/api.w.org\/{rel}","templated":true}]}}