{"id":1763,"date":"2011-11-15T17:06:43","date_gmt":"2011-11-15T17:06:43","guid":{"rendered":"http:\/\/cnprsv.ro\/?page_id=1763"},"modified":"2025-09-25T14:34:29","modified_gmt":"2025-09-25T12:34:29","slug":"comisia-de-calitate","status":"publish","type":"page","link":"https:\/\/cnprsv.ro\/?page_id=1763","title":{"rendered":"Comisia pentru evaluarea \u0219i asigurarea calit\u0103\u021bii"},"content":{"rendered":"<p><a href=\"https:\/\/cnprsv.ro\/wp-content\/uploads\/2011\/11\/aracip_1.jpg\" rel=\"lightbox[1763]\"><img loading=\"lazy\" decoding=\"async\" class=\"aligncenter wp-image-2829 size-large\" title=\"aracip_1\" src=\"https:\/\/cnprsv.ro\/wp-content\/uploads\/2011\/11\/aracip_1-1024x730.jpg\" alt=\"Atestat privind nivelul calit\u0103\u021bii educa\u021biei oferite de c\u0103tre unitatea de \u00eenv\u0103t\u0103m\u00e2nt raportat la indicatorii de performan\u021b\u0103 din standardele de referin\u021b\u0103 evaluate\" width=\"1024\" height=\"730\" srcset=\"https:\/\/cnprsv.ro\/wp-content\/uploads\/2011\/11\/aracip_1-1024x730.jpg 1024w, https:\/\/cnprsv.ro\/wp-content\/uploads\/2011\/11\/aracip_1-300x213.jpg 300w\" sizes=\"auto, (max-width: 1024px) 100vw, 1024px\" \/><\/a><\/p>\n<p><a href=\"https:\/\/cnprsv.ro\/wp-content\/uploads\/2011\/11\/aracip_2.jpg\" rel=\"lightbox[1763]\"><img loading=\"lazy\" decoding=\"async\" class=\"aligncenter wp-image-2830 size-large\" title=\"aracip_2\" src=\"https:\/\/cnprsv.ro\/wp-content\/uploads\/2011\/11\/aracip_2-1024x742.jpg\" alt=\"Rezultate ale evalu\u0103rii periodice\" width=\"1024\" height=\"742\" srcset=\"https:\/\/cnprsv.ro\/wp-content\/uploads\/2011\/11\/aracip_2-1024x742.jpg 1024w, https:\/\/cnprsv.ro\/wp-content\/uploads\/2011\/11\/aracip_2-300x217.jpg 300w\" sizes=\"auto, (max-width: 1024px) 100vw, 1024px\" \/><\/a><\/p>\n<ul>\n<li>\n<ul>\n<li><a href=\"https:\/\/cnprsv.ro\/wp-content\/uploads\/2024\/11\/Raport-RAEI_CN_Petru_Rares_2023-2024.pdf\">Raport anual de evaluare intern\u0103 a calit\u0103\u0163ii educa\u021biei 2023-2024<\/a><\/li>\n<li><a href=\"https:\/\/cnprsv.ro\/wp-content\/uploads\/2024\/09\/Raport-RAEI-cu-cerere-aprobare-finalizare.pdf\">Raport anual de evaluare intern\u0103 a calit\u0103\u0163ii educa\u021biei 2022-2023<\/a><\/li>\n<li><a href=\"\/documente\/RAEI 2021_2022_RAEI_FINALIZAT.pdf\">Raport anual de evaluare intern\u0103 a calit\u0103\u0163ii educa\u021biei 2021-2022<\/a><\/li>\n<li><a href=\"\/documente\/RAEI pt anul 2020-2021.pdf\">Raport anual de evaluare intern\u0103 a calit\u0103\u021bii educa\u021biei 2020-2021<\/a><\/li>\n<li><a href=\"\/documente\/RAEI pt 2019-2020.pdf\">Raport anual de evaluare intern\u0103 a calit\u0103\u0163ii educa\u021biei 2019-2020<\/a><\/li>\n<li><a href=\"\/documente\/11037230_2018_RAEI.pdf\">Raport anual de evaluare intern\u0103 a calit\u0103\u0163ii educa\u021biei 2018-2019<\/a><\/li>\n<li><a href=\"\/documente\/RAEI pentru anul 2017-2018.pdf\">Raport anual de evaluare intern\u0103 a calit\u0103\u0163ii educa\u021biei 2017-2018<\/a><\/li>\n<li><a href=\"\/documente\/16 RAEI 2016 2017.pdf\" target=\"_blank\" rel=\"noopener\">Raport anual de evaluare intern\u0103 a calit\u0103\u0163ii educa\u021biei 2016-2017<\/a><\/li>\n<li><a href=\"\/documente\/RAEI 2015-2016.pdf\" target=\"_blank\" rel=\"noopener\">Raport anual de evaluare intern\u0103 a calit\u0103\u0163ii educa\u021biei 2015-2016<\/a><\/li>\n<li><a href=\"documente\/2015_noiembrie_Raport_de_autoevaluare_interna_an_scolar_2014_2015.pdf\" target=\"_blank\" rel=\"noopener\">Raport anual de evaluare intern\u0103 a calit\u0103\u0163ii educa\u021biei 2014-2015<\/a><\/li>\n<li><a href=\"documente\/2014_octombrie_Raport_de_autoevaluare_interna_an_scolar_2013_2014.pdf\" target=\"_blank\" rel=\"noopener\">Raport anual de evaluare intern\u0103 a calit\u0103\u0163ii educa\u021biei 2013-2014<\/a><\/li>\n<li><a href=\"documente\/2013_noiembrie_Raport_de_autoevaluare_interna_an_scolar_2012_2013.pdf\" target=\"_blank\" rel=\"noopener\">Raport anual de evaluare intern\u0103 a calit\u0103\u0163ii educa\u021biei 2012-2013<\/a><\/li>\n<li><a href=\"documente\/2012_octombrie_Raport_de_autoevaluare_interna_an_scolar_2011_2012.pdf\" target=\"_blank\" rel=\"noopener\">Raport anual de evaluare intern\u0103 a calit\u0103\u0163ii educa\u021biei 2011-2012<\/a><\/li>\n<li><a href=\"documente\/2011_noiembrie_Raport_de_autoevaluare_a_calitatii_2010_2011.pdf\" target=\"_blank\" rel=\"noopener\">Raport anual de evaluare intern\u0103 a calit\u0103\u0163ii educa\u021biei 2010-2011<\/a><\/li>\n<\/ul>\n<\/li>\n<\/ul>\n<p>&nbsp;<\/p>\n","protected":false},"excerpt":{"rendered":"<p>Raport anual de evaluare intern\u0103 a calit\u0103\u0163ii educa\u021biei 2023-2024 Raport anual de evaluare intern\u0103 a calit\u0103\u0163ii educa\u021biei 2022-2023 Raport anual de evaluare intern\u0103 a calit\u0103\u0163ii educa\u021biei 2021-2022 Raport anual de evaluare intern\u0103 a calit\u0103\u021bii educa\u021biei 2020-2021 Raport anual de evaluare<\/p>\n<div class=\"entry-read-more\"><a class=\"read-more-link\" href=\"https:\/\/cnprsv.ro\/?page_id=1763\">Read More<span class=\"cleanwp-sr-only\">  Comisia pentru evaluarea \u0219i asigurarea calit\u0103\u021bii<\/span><\/a><\/div>\n","protected":false},"author":1,"featured_media":0,"parent":5,"menu_order":5,"comment_status":"closed","ping_status":"open","template":"","meta":{"_editorskit_title_hidden":false,"_editorskit_reading_time":0,"_editorskit_is_block_options_detached":false,"_editorskit_block_options_position":"{}","footnotes":""},"class_list":["post-1763","page","type-page","status-publish","hentry"],"_links":{"self":[{"href":"https:\/\/cnprsv.ro\/index.php?rest_route=\/wp\/v2\/pages\/1763","targetHints":{"allow":["GET"]}}],"collection":[{"href":"https:\/\/cnprsv.ro\/index.php?rest_route=\/wp\/v2\/pages"}],"about":[{"href":"https:\/\/cnprsv.ro\/index.php?rest_route=\/wp\/v2\/types\/page"}],"author":[{"embeddable":true,"href":"https:\/\/cnprsv.ro\/index.php?rest_route=\/wp\/v2\/users\/1"}],"replies":[{"embeddable":true,"href":"https:\/\/cnprsv.ro\/index.php?rest_route=%2Fwp%2Fv2%2Fcomments&post=1763"}],"version-history":[{"count":18,"href":"https:\/\/cnprsv.ro\/index.php?rest_route=\/wp\/v2\/pages\/1763\/revisions"}],"predecessor-version":[{"id":13016,"href":"https:\/\/cnprsv.ro\/index.php?rest_route=\/wp\/v2\/pages\/1763\/revisions\/13016"}],"up":[{"embeddable":true,"href":"https:\/\/cnprsv.ro\/index.php?rest_route=\/wp\/v2\/pages\/5"}],"wp:attachment":[{"href":"https:\/\/cnprsv.ro\/index.php?rest_route=%2Fwp%2Fv2%2Fmedia&parent=1763"}],"curies":[{"name":"wp","href":"https:\/\/api.w.org\/{rel}","templated":true}]}}