{"id":197,"date":"2011-03-26T04:37:15","date_gmt":"2011-03-26T04:37:15","guid":{"rendered":"http:\/\/cnprsv.ro\/?page_id=197"},"modified":"2024-10-11T15:37:35","modified_gmt":"2024-10-11T13:37:35","slug":"misiune","status":"publish","type":"page","link":"https:\/\/cnprsv.ro\/?page_id=197","title":{"rendered":"Prezent \u015fi viitor"},"content":{"rendered":"<p>&nbsp;<\/p>\n<div>\n<h1><strong>Viziune<\/strong><\/h1>\n<h3><span style=\"color: #800000;\">Competen\u0163\u0103 \u015fi Ac\u0163iune Colectiv\u0103, Performan\u0163\u0103 durabil\u0103<\/span><\/h3>\n<p>&nbsp;<\/p>\n<h1><strong>Argument<\/strong><\/h1>\n<h3>Misiunea Colegiului Na\u0163ional &#8222;Petru Rare\u015f&#8221; din Suceava, conturat\u0103 \u00een cadrul strategiei educa\u0163ionale de dezvoltare \u015fcolar\u0103 bazat\u0103 pe cunoa\u015ftere, este de a optimiza continuu formele de educa\u0163ie pe care le dezvolt\u0103.<br \/>\n\u00cen definirea misiunii, colegiul \u0163ine cont de:<\/h3>\n<ul>\n<li>\n<h3>Politica rom\u00e2neasc\u0103 \u015fi european\u0103 a educa\u0163iei, priorit\u0103\u0163ile \u015fi practicile acestora<\/h3>\n<\/li>\n<li>\n<h3>Particularit\u0103\u0163ile socio-economice \u015fi culturale ale beneficiarilor direc\u0163i \u015fi indirec\u0163i ai educa\u0163iei, precum \u015fi de idealurile \u015fi aspira\u0163iile acestora<\/h3>\n<\/li>\n<li>\n<h3>Schimb\u0103rile continue pe pia\u0163a muncii na\u0163ionale \u015fi interna\u0163ionale<\/h3>\n<\/li>\n<li>\n<h3>Legit\u0103\u0163ile managementului cunoa\u015fterii \u015fi ale \u00eenv\u0103\u0163\u0103rii<\/h3>\n<\/li>\n<\/ul>\n<h3>&nbsp;<\/h3>\n<h1><strong>Misiune<\/strong><\/h1>\n<h3><span style=\"color: #800000;\">Liceu centenar, Colegiul Na\u0163ional &#8222;Petru Rare\u015f&#8221; din Suceava \u015fi-a asumat \u015fi va continua s\u0103-\u015fi asume rolul unei \u015fcoli de elit\u0103, capabile s\u0103 instaureze prin elevii \u015fi profesorii ei o geometrie spiritual\u0103 perfect adaptabil\u0103 regulilor impuse de contextul social, economic \u015fi cultural. Rezultatele ob\u0163inute p\u00e2n\u0103 acum justific\u0103 faptul c\u0103 liceul se caracterizeaz\u0103 printr-o constant\u0103 aspira\u0163ie spre excelen\u0163\u0103, menit\u0103 s\u0103 asigure o evolu\u0163ie trainic\u0103 a personalit\u0103\u0163ii elevilor, \u00een timpul \u015fi dup\u0103 absolvirea \u015fcolii.<\/span><\/h3>\n<h3><span style=\"color: #800000;\">Elevi \u015fi profesori, deopotriv\u0103, acced spre modernitate prin dezvoltarea unui spirit de colaborare, prin asumarea libert\u0103\u0163ii de g\u00e2ndire \u015fi expresie, printr-un efort considerabil de cultivare a cunoa\u015fterii \u015fi respectului pentru patrimoniul cultural \/ istoric \/ \u015ftiin\u0163ific na\u0163ional \u015fi universal, de motivare pentru \u00eenv\u0103\u0163area continu\u0103 .<\/span><br \/>\n<span style=\"color: #800000;\"> Colegiul Na\u0163ional \u201cPetru Rare\u015f\u201d are, dincolo de orice altceva, misiunea de a oferi ora\u015fului, \u0163\u0103rii \u015fi &#8211; de ce nu? &#8211; lumii, un spectacol al inteligen\u0163ei, sensibilit\u0103\u0163ii \u015fi creativit\u0103\u0163ii tinere, \u00een procesul de preg\u0103tire a elevilor pentru toate aspectele vie\u0163ii de adult (caracterizat\u0103 de complexitate \u015fi incertitudine).<\/span><\/h3>\n<p>&nbsp;<\/p>\n<p><a href=\"\/documente\/Proiect de dezvoltare  institutionala 2020-2025.pdf\"><strong>Proiect de dezvoltare institutionala 2020-2025<\/strong><\/a><\/p>\n<p><strong><a href=\"\/documente\/2016_septembrie_Proiect de dezvoltare institutionala 2015-2019.pdf\" target=\"_blank\" rel=\"noopener\">Proiect de dezvoltare institutionala 2015-2019<\/a><\/strong><\/p>\n<p><strong><a href=\"documente\/2011_octombrie_Proiect_de_dezvoltare_institututionala_2009_2014.pdf\">Proiect de dezvoltare institututionala 2009-2014<\/a><\/strong><\/p>\n<p><strong><a href=\"\/documente\/2016_septembrie_Proiectul strategic 2001 2004.pdf\" target=\"_blank\" rel=\"noopener\">Proiectul strategic 2001 2004<\/a><\/strong><\/p>\n<\/div>\n","protected":false},"excerpt":{"rendered":"<p>&nbsp; Viziune Competen\u0163\u0103 \u015fi Ac\u0163iune Colectiv\u0103, Performan\u0163\u0103 durabil\u0103 &nbsp; Argument Misiunea Colegiului Na\u0163ional &#8222;Petru Rare\u015f&#8221; din Suceava, conturat\u0103 \u00een cadrul strategiei educa\u0163ionale de dezvoltare \u015fcolar\u0103 bazat\u0103 pe cunoa\u015ftere, este de a optimiza continuu formele de educa\u0163ie pe care le dezvolt\u0103.<\/p>\n<div class=\"entry-read-more\"><a class=\"read-more-link\" href=\"https:\/\/cnprsv.ro\/?page_id=197\">Read More<span class=\"cleanwp-sr-only\">  Prezent \u015fi viitor<\/span><\/a><\/div>\n","protected":false},"author":1,"featured_media":0,"parent":5,"menu_order":2,"comment_status":"closed","ping_status":"closed","template":"","meta":{"_editorskit_title_hidden":false,"_editorskit_reading_time":0,"_editorskit_is_block_options_detached":false,"_editorskit_block_options_position":"{}","footnotes":""},"class_list":["post-197","page","type-page","status-publish","hentry"],"_links":{"self":[{"href":"https:\/\/cnprsv.ro\/index.php?rest_route=\/wp\/v2\/pages\/197","targetHints":{"allow":["GET"]}}],"collection":[{"href":"https:\/\/cnprsv.ro\/index.php?rest_route=\/wp\/v2\/pages"}],"about":[{"href":"https:\/\/cnprsv.ro\/index.php?rest_route=\/wp\/v2\/types\/page"}],"author":[{"embeddable":true,"href":"https:\/\/cnprsv.ro\/index.php?rest_route=\/wp\/v2\/users\/1"}],"replies":[{"embeddable":true,"href":"https:\/\/cnprsv.ro\/index.php?rest_route=%2Fwp%2Fv2%2Fcomments&post=197"}],"version-history":[{"count":4,"href":"https:\/\/cnprsv.ro\/index.php?rest_route=\/wp\/v2\/pages\/197\/revisions"}],"predecessor-version":[{"id":9170,"href":"https:\/\/cnprsv.ro\/index.php?rest_route=\/wp\/v2\/pages\/197\/revisions\/9170"}],"up":[{"embeddable":true,"href":"https:\/\/cnprsv.ro\/index.php?rest_route=\/wp\/v2\/pages\/5"}],"wp:attachment":[{"href":"https:\/\/cnprsv.ro\/index.php?rest_route=%2Fwp%2Fv2%2Fmedia&parent=197"}],"curies":[{"name":"wp","href":"https:\/\/api.w.org\/{rel}","templated":true}]}}

Prezent şi viitor

<p>&nbsp;</p>
<div>
<h1><strong>Viziune</strong></h1>
<h3><span style="color: #800000;">Competenţă şi Acţiune Colectivă, Performanţă durabilă</span></h3>
<p>&nbsp;</p>
<h1><strong>Argument</strong></h1>
<h3>Misiunea Colegiului Naţional &#8222;Petru Rareş&#8221; din Suceava, conturată în cadrul strategiei educaţionale de dezvoltare şcolară bazată pe cunoaştere, este de a optimiza continuu formele de educaţie pe care le dezvoltă.<br />
În definirea misiunii, colegiul ţine cont de:</h3>
<ul>
<li>
<h3>Politica românească şi europeană a educaţiei, priorităţile şi practicile acestora</h3>
</li>
<li>
<h3>Particularităţile socio-economice şi culturale ale beneficiarilor direcţi şi indirecţi ai educaţiei, precum şi de idealurile şi aspiraţiile acestora</h3>
</li>
<li>
<h3>Schimbările continue pe piaţa muncii naţionale şi internaţionale</h3>
</li>
<li>
<h3>Legităţile managementului cunoaşterii şi ale învăţării</h3>
</li>
</ul>
<h3>&nbsp;</h3>
<h1><strong>Misiune</strong></h1>
<h3><span style="color: #800000;">Liceu centenar, Colegiul Naţional &#8222;Petru Rareş&#8221; din Suceava şi-a asumat şi va continua să-şi asume rolul unei şcoli de elită, capabile să instaureze prin elevii şi profesorii ei o geometrie spirituală perfect adaptabilă regulilor impuse de contextul social, economic şi cultural. Rezultatele obţinute până acum justifică faptul că liceul se caracterizează printr-o constantă aspiraţie spre excelenţă, menită să asigure o evoluţie trainică a personalităţii elevilor, în timpul şi după absolvirea şcolii.</span></h3>
<h3><span style="color: #800000;">Elevi şi profesori, deopotrivă, acced spre modernitate prin dezvoltarea unui spirit de colaborare, prin asumarea libertăţii de gândire şi expresie, printr-un efort considerabil de cultivare a cunoaşterii şi respectului pentru patrimoniul cultural / istoric / ştiinţific naţional şi universal, de motivare pentru învăţarea continuă .</span><br />
<span style="color: #800000;"> Colegiul Naţional “Petru Rareş” are, dincolo de orice altceva, misiunea de a oferi oraşului, ţării şi &#8211; de ce nu? &#8211; lumii, un spectacol al inteligenţei, sensibilităţii şi creativităţii tinere, în procesul de pregătire a elevilor pentru toate aspectele vieţii de adult (caracterizată de complexitate şi incertitudine).</span></h3>
<p>&nbsp;</p>
<p><a href="/documente/Proiect de dezvoltare  institutionala 2020-2025.pdf"><strong>Proiect de dezvoltare institutionala 2020-2025</strong></a></p>
<p><strong><a href="/documente/2016_septembrie_Proiect de dezvoltare institutionala 2015-2019.pdf" target="_blank" rel="noopener">Proiect de dezvoltare institutionala 2015-2019</a></strong></p>
<p><strong><a href="documente/2011_octombrie_Proiect_de_dezvoltare_institututionala_2009_2014.pdf">Proiect de dezvoltare institututionala 2009-2014</a></strong></p>
<p><strong><a href="/documente/2016_septembrie_Proiectul strategic 2001 2004.pdf" target="_blank" rel="noopener">Proiectul strategic 2001 2004</a></strong></p>
</div>

<p>&nbsp; Viziune Competenţă şi Acţiune Colectivă, Performanţă durabilă &nbsp; Argument Misiunea Colegiului Naţional &#8222;Petru Rareş&#8221; din Suceava, conturată în cadrul strategiei educaţionale de dezvoltare şcolară bazată pe cunoaştere, este de a optimiza continuu formele de educaţie pe care le dezvoltă.</p>
<div class="entry-read-more"><a class="read-more-link" href="https://cnprsv.ro/?page_id=197">Read More<span class="cleanwp-sr-only">  Prezent şi viitor</span></a></div>
