{"id":211,"date":"2011-03-26T05:08:02","date_gmt":"2011-03-26T05:08:02","guid":{"rendered":"http:\/\/cnprsv.ro\/?page_id=211"},"modified":"2025-09-11T14:22:59","modified_gmt":"2025-09-11T12:22:59","slug":"proiecte","status":"publish","type":"page","link":"https:\/\/cnprsv.ro\/?page_id=211","title":{"rendered":"Proiecte"},"content":{"rendered":"\r\n<p><a href=\"https:\/\/cnprsv.ro\/?page_id=12571\" target=\"_blank\" rel=\"noreferrer noopener\">Erasmus parteneriat<\/a><\/p>\r\n\r\n\r\n\r\n<p><a href=\"https:\/\/cnprsv.ro\/?page_id=12573\" target=\"_blank\" rel=\"noreferrer noopener\">Erasmus acreditare<\/a><\/p>\r\n\r\n\r\n\r\n<p><a href=\"https:\/\/cnprsv.ro\/?page_id=12575\" target=\"_blank\" rel=\"noreferrer noopener\">Unesco<\/a><\/p>\r\n\r\n\r\n\r\n<p><a href=\"https:\/\/cnprsv.ro\/?page_id=12580\" target=\"_blank\" rel=\"noreferrer noopener\">Proiecte na\u021bionale<\/a><\/p>\r\n<p><a href=\"https:\/\/cnprsv.ro\/wp-content\/uploads\/2025\/09\/CERN-articol.pdf\">Proiect CERN<\/a> &#8211; <em>LHCb, fizica aromelor partonice, interac\u021biile cromodinamice, cercetare \u0219i dezvoltare la LHCb sau la DRD4 \u0219i \u00eembun\u0103t\u0103\u021birea electronicii subdetectorilor RICH \u00een perioada LS3<\/em>, acronim <em>LHCb<\/em>, contract PN IV, Subprogram 5.9.2\/Modulul CERN-RO, 2024-2026.<\/p>\r\n","protected":false},"excerpt":{"rendered":"<p>Erasmus parteneriat Erasmus acreditare Unesco Proiecte na\u021bionale Proiect CERN &#8211; LHCb, fizica aromelor partonice, interac\u021biile cromodinamice, cercetare \u0219i dezvoltare la LHCb sau la DRD4 \u0219i \u00eembun\u0103t\u0103\u021birea electronicii subdetectorilor RICH \u00een perioada LS3, acronim LHCb, contract PN IV, Subprogram 5.9.2\/Modulul CERN-RO,<\/p>\n<div class=\"entry-read-more\"><a class=\"read-more-link\" href=\"https:\/\/cnprsv.ro\/?page_id=211\">Read More<span class=\"cleanwp-sr-only\">  Proiecte<\/span><\/a><\/div>\n","protected":false},"author":1,"featured_media":0,"parent":260,"menu_order":1,"comment_status":"closed","ping_status":"closed","template":"","meta":{"_editorskit_title_hidden":false,"_editorskit_reading_time":2,"_editorskit_is_block_options_detached":false,"_editorskit_block_options_position":"{}","footnotes":""},"class_list":["post-211","page","type-page","status-publish","hentry"],"_links":{"self":[{"href":"https:\/\/cnprsv.ro\/index.php?rest_route=\/wp\/v2\/pages\/211","targetHints":{"allow":["GET"]}}],"collection":[{"href":"https:\/\/cnprsv.ro\/index.php?rest_route=\/wp\/v2\/pages"}],"about":[{"href":"https:\/\/cnprsv.ro\/index.php?rest_route=\/wp\/v2\/types\/page"}],"author":[{"embeddable":true,"href":"https:\/\/cnprsv.ro\/index.php?rest_route=\/wp\/v2\/users\/1"}],"replies":[{"embeddable":true,"href":"https:\/\/cnprsv.ro\/index.php?rest_route=%2Fwp%2Fv2%2Fcomments&post=211"}],"version-history":[{"count":38,"href":"https:\/\/cnprsv.ro\/index.php?rest_route=\/wp\/v2\/pages\/211\/revisions"}],"predecessor-version":[{"id":12945,"href":"https:\/\/cnprsv.ro\/index.php?rest_route=\/wp\/v2\/pages\/211\/revisions\/12945"}],"up":[{"embeddable":true,"href":"https:\/\/cnprsv.ro\/index.php?rest_route=\/wp\/v2\/pages\/260"}],"wp:attachment":[{"href":"https:\/\/cnprsv.ro\/index.php?rest_route=%2Fwp%2Fv2%2Fmedia&parent=211"}],"curies":[{"name":"wp","href":"https:\/\/api.w.org\/{rel}","templated":true}]}}