{"id":2348,"date":"2011-10-10T13:17:54","date_gmt":"2011-10-10T13:17:54","guid":{"rendered":"http:\/\/cnprsv.ro\/?page_id=2348"},"modified":"2024-10-11T15:37:36","modified_gmt":"2024-10-11T13:37:36","slug":"bursa-profesor-frieda-vigder","status":"publish","type":"page","link":"https:\/\/cnprsv.ro\/?page_id=2348","title":{"rendered":"Premiul \u201dProfesor Frieda Vigder\u201d"},"content":{"rendered":"<p>Frieda Vigder s-a n\u0103scut \u00een ianuarie 1911 \u00een satul Chili\u015feni,\u00a0\u00een casa familiei Itzig Hutman-Rachmuth, morar, \u0219i Ietti Hutman-Rachmuth, casnic\u0103. A avut o sor\u0103 Clara (dup\u0103 c\u0103s\u0103torie, Clara Zloczower) care a devenit ulterior\u00a0judec\u0103tor \u0219i un frate, Carl,\u00a0contabil\u00a0care a decedat de \u00eendat\u0103 ce familia s-a \u00eentors din deportarea \u00een Transnistria.<\/p>\n<p>Frieda Vigder s-a c\u0103s\u0103torit \u00een 1934 cu Simon Vigder, care a fost\u00a0jurist. Nu au avut copii.<\/p>\n<p>A urmat studiile \u00een limba german\u0103 la \u0218coala Primar\u0103 din Chili\u015feni. Dup\u0103 unirea Bucovinei cu Rom\u00e2nia, se mut\u0103 cu familia la\u00a0Suceava. Urmeaz\u0103 cursurile\u00a0Liceului\u00a0de Fete \u00a0\u201eDoamna Maria&#8221; (ast\u0103zi, Colegiul Na\u0163ional \u201ePetru Rare\u015f\u201d), f\u0103c\u00e2nd parte din prima genera\u021bie de liceeni care termin\u0103 studiile \u00een\u00a0limba rom\u00e2n\u0103 (\u00eenaintea \u015fi \u00een timpul primului r\u0103zboi mondial, Liceul a func\u0163ionat ca liceu cu studii \u00een limba german\u0103).<\/p>\n<p>A absolvit Facultatea de\u00a0Fizic\u0103-Chimie\u00a0la\u00a0Universitatea din Cern\u0103u\u0163i,\u00a0\u00een anul\u00a01932. Dup\u0103 absolvire, a devenit\u00a0profesoar\u0103 de chimie la Cern\u0103u\u0163i, unde a \u0219i locuit vreme de 11 ani.<\/p>\n<p>Asemeni multor semeni de ai s\u0103i, Frieda Vigder a fost deportat\u0103, \u00eempreun\u0103 cu \u00eentreaga familie, \u00eentr-un lag\u0103r din\u00a0Transnistria, unde, cu sprijinul unor locuitori din zon\u0103, Frieda Vigder \u0219i-a transformat locuin\u021ba \u00een \u0219coal\u0103 pentru copiii familiilor deportate.<\/p>\n<p>Revenind la\u00a0Suceava, ocup\u0103 pentru o vreme func\u021bia de \u0219ef al Sec\u021biei de \u00cenv\u0103\u021b\u0103m\u00e2nt \u0219i de inspector \u0219colar. Frieda Vigder a devenit\u00a0profesor\u00a0la\u00a0liceul\u00a0pe care \u00eel absolvise. S-a remarcat prin exigen\u021b\u0103 \u0219i un excep\u021bional talent pedagogic. A fost apreciat\u0103 deopotriv\u0103 de elevi, absolven\u021bi \u0219i profesori, colegi ai domniei sale.<\/p>\n<p>A fost director al\u00a0liceului \u201ePetru Rare\u015f\u201d\u00a0\u00eentre anii\u00a01957 \u015fi 1963.<\/p>\n<p>\u00cen\u00a0iulie 2009,\u00a0la Colegiul Na\u0163ional \u201ePetru Rare\u015f\u201d, cu sprijinul dnei. prof.\u00a0Ica Manas Zloczower de la <em>Case Western Reserve University <\/em>din Cleveland, Ohio, \u00a0s-a instituit &#8222;Premiul Profesor Frieda Vigder&#8221; care se acord\u0103 la sf\u00e2r\u0219itul fiecarui an \u0219colar unui absolvent\/absolvente a Colegiului pentru rezultate foarte bune la \u00eenv\u0103\u021b\u0103tur\u0103 \u0219i care provine dintr-o familie cu mijloace financiare modeste. Primul premiu a fost acordat \u00een mai 2010, la cursul festiv al promo\u021biei 2010 a colegiului.<\/p>\n<p>&nbsp;<\/p>\n<h1 style=\"text-align: center;\"><em><strong><span style=\"color: #ff6600;\">LAUREA\u021aII PREMIULUI \u201dFRIEDA VIGDER\u201d<\/span><\/strong><\/em><\/h1>\n<p>&nbsp;<\/p>\n<p style=\"text-align: center;\"><a href=\"https:\/\/cnprsv.ro\/wp-content\/uploads\/2011\/10\/2017-Georgiana-si-George-Bejinariu.jpg\" rel=\"lightbox[2348]\"><img loading=\"lazy\" decoding=\"async\" class=\"aligncenter wp-image-8538\" src=\"https:\/\/cnprsv.ro\/wp-content\/uploads\/2011\/10\/2017-Georgiana-si-George-Bejinariu.jpg\" alt=\"\" width=\"250\" height=\"221\" srcset=\"https:\/\/cnprsv.ro\/wp-content\/uploads\/2011\/10\/2017-Georgiana-si-George-Bejinariu.jpg 1543w, https:\/\/cnprsv.ro\/wp-content\/uploads\/2011\/10\/2017-Georgiana-si-George-Bejinariu-300x266.jpg 300w, https:\/\/cnprsv.ro\/wp-content\/uploads\/2011\/10\/2017-Georgiana-si-George-Bejinariu-1024x907.jpg 1024w\" sizes=\"auto, (max-width: 250px) 100vw, 250px\" \/><\/a><\/p>\n<h4 style=\"text-align: center;\">2017 &#8211; <span style=\"color: #ff6600;\"><strong>Georgiana Bejinariu<\/strong><\/span> \u0219i <span style=\"color: #ff6600;\"><strong>George Bejinariu<\/strong><\/span>, cu dna. prof. Olga Musta\u021b\u0103<\/h4>\n<p>&nbsp;<\/p>\n<p style=\"text-align: center;\">\u00a0<a href=\"https:\/\/cnprsv.ro\/wp-content\/uploads\/2011\/10\/2016-Nicu-Andronic-e1510323756351.jpg\" rel=\"lightbox[2348]\"><img loading=\"lazy\" decoding=\"async\" class=\"size-full wp-image-8545\" src=\"https:\/\/cnprsv.ro\/wp-content\/uploads\/2011\/10\/2016-Nicu-Andronic-e1510323756351.jpg\" alt=\"2016 Nicu Andronic\" width=\"250\" height=\"302\" \/><\/a><\/p>\n<h4 style=\"text-align: center;\">2016 &#8211;\u00a0<span style=\"color: #ff6600;\"><strong>Nicu Andronic<\/strong><\/span><\/h4>\n<p>&nbsp;<\/p>\n<p style=\"text-align: center;\"><a href=\"https:\/\/cnprsv.ro\/wp-content\/uploads\/2011\/10\/2015-Ionela-Gaza-si-Mihai-Gaitan-e1510323894417.jpg\" rel=\"lightbox[2348]\"><img loading=\"lazy\" decoding=\"async\" class=\"size-full wp-image-8544 aligncenter\" src=\"https:\/\/cnprsv.ro\/wp-content\/uploads\/2011\/10\/2015-Ionela-Gaza-si-Mihai-Gaitan-e1510323894417.jpg\" alt=\"2015 Ionela Gaza si Mihai Gaitan\" width=\"250\" height=\"249\" \/><\/a><\/p>\n<h4 style=\"text-align: center;\">2015 &#8211;\u00a0<span style=\"color: #ff6600;\"><strong>Ionela G\u00e2z\u0103 <\/strong><\/span>\u0219i<span style=\"color: #ff6600;\"><strong>\u00a0Mihai G\u0103itan<\/strong><\/span>, cu dna. prof.\u00a0Ica Manas Zloczower<\/h4>\n<p>&nbsp;<\/p>\n<p><a href=\"https:\/\/cnprsv.ro\/wp-content\/uploads\/2011\/10\/2014-Daniela-Gavriliuc-e1510324016126.jpg\" rel=\"lightbox[2348]\"><img loading=\"lazy\" decoding=\"async\" class=\"size-full wp-image-8543 aligncenter\" src=\"https:\/\/cnprsv.ro\/wp-content\/uploads\/2011\/10\/2014-Daniela-Gavriliuc-e1510324016126.jpg\" alt=\"2014 Daniela Gavriliuc\" width=\"250\" height=\"350\" \/><\/a><\/p>\n<h4 style=\"text-align: center;\">2014 &#8211; <strong><span style=\"color: #ff6600;\">Daniela Gavriliuc<\/span><\/strong>, cu dna. prof. Olga Musta\u021b\u0103<\/h4>\n<p>&nbsp;<\/p>\n<p><a href=\"https:\/\/cnprsv.ro\/wp-content\/uploads\/2011\/10\/2013-Emanuel-Magas-e1510324080730.jpg\" rel=\"lightbox[2348]\"><img loading=\"lazy\" decoding=\"async\" class=\"size-full wp-image-8542 aligncenter\" src=\"https:\/\/cnprsv.ro\/wp-content\/uploads\/2011\/10\/2013-Emanuel-Magas-e1510324080730.jpg\" alt=\"2013 Emanuel Magas\" width=\"250\" height=\"344\" \/><\/a><\/p>\n<h4 style=\"text-align: center;\">2013 &#8211;\u00a0<span style=\"color: #ff6600;\"><strong>Emanuel Magas<\/strong><\/span>, cu dna. prof. Olga Musta\u021b\u0103<\/h4>\n<p>&nbsp;<\/p>\n<p><a href=\"https:\/\/cnprsv.ro\/wp-content\/uploads\/2011\/10\/2012-Emanuel-Schipor-e1510324129482.jpg\" rel=\"lightbox[2348]\"><img loading=\"lazy\" decoding=\"async\" class=\"size-full wp-image-8541 aligncenter\" src=\"https:\/\/cnprsv.ro\/wp-content\/uploads\/2011\/10\/2012-Emanuel-Schipor-e1510324129482.jpg\" alt=\"2012 Emanuel Schipor\" width=\"250\" height=\"375\" \/><\/a><\/p>\n<h4 style=\"text-align: center;\">2012 &#8211; <strong><span style=\"color: #ff6600;\">Emanuel Schipor<\/span><\/strong>, cu dna. prof. Olga Musta\u021b\u0103<\/h4>\n<p>&nbsp;<\/p>\n<p><a href=\"https:\/\/cnprsv.ro\/wp-content\/uploads\/2011\/10\/2011-Ana-Cajvan-e1510324171177.jpg\" rel=\"lightbox[2348]\"><img loading=\"lazy\" decoding=\"async\" class=\"size-full wp-image-8540 aligncenter\" src=\"https:\/\/cnprsv.ro\/wp-content\/uploads\/2011\/10\/2011-Ana-Cajvan-e1510324171177.jpg\" alt=\"2011 Ana Cajvan\" width=\"250\" height=\"333\" \/><\/a><\/p>\n<h4 style=\"text-align: center;\">2011 &#8211; <strong><span style=\"color: #ff6600;\">Ana Cajvan<\/span><\/strong>, cu dna. prof.\u00a0Ica Manas Zloczower<\/h4>\n<p>&nbsp;<\/p>\n<p><a href=\"https:\/\/cnprsv.ro\/wp-content\/uploads\/2011\/10\/2010-Ionut-Blesneag-e1510324229750.jpg\" rel=\"lightbox[2348]\"><img loading=\"lazy\" decoding=\"async\" class=\"size-full wp-image-8539 aligncenter\" src=\"https:\/\/cnprsv.ro\/wp-content\/uploads\/2011\/10\/2010-Ionut-Blesneag-e1510324229750.jpg\" alt=\"2010 Ionut Blesneag\" width=\"250\" height=\"375\" \/><\/a><\/p>\n<h4 style=\"text-align: center;\">2010 &#8211;\u00a0<span style=\"color: #ff6600;\"><strong>Ionu\u021b Blesneag<\/strong><\/span><\/h4>\n","protected":false},"excerpt":{"rendered":"<p>Frieda Vigder s-a n\u0103scut \u00een ianuarie 1911 \u00een satul Chili\u015feni,\u00a0\u00een casa familiei Itzig Hutman-Rachmuth, morar, \u0219i Ietti Hutman-Rachmuth, casnic\u0103. A avut o sor\u0103 Clara (dup\u0103 c\u0103s\u0103torie, Clara Zloczower) care a devenit ulterior\u00a0judec\u0103tor \u0219i un frate, Carl,\u00a0contabil\u00a0care a decedat de \u00eendat\u0103<\/p>\n<div class=\"entry-read-more\"><a class=\"read-more-link\" href=\"https:\/\/cnprsv.ro\/?page_id=2348\">Read More<span class=\"cleanwp-sr-only\">  Premiul \u201dProfesor Frieda Vigder\u201d<\/span><\/a><\/div>\n","protected":false},"author":1,"featured_media":0,"parent":51,"menu_order":0,"comment_status":"closed","ping_status":"open","template":"","meta":{"_editorskit_title_hidden":false,"_editorskit_reading_time":0,"_editorskit_is_block_options_detached":false,"_editorskit_block_options_position":"{}","footnotes":""},"class_list":["post-2348","page","type-page","status-publish","hentry"],"_links":{"self":[{"href":"https:\/\/cnprsv.ro\/index.php?rest_route=\/wp\/v2\/pages\/2348","targetHints":{"allow":["GET"]}}],"collection":[{"href":"https:\/\/cnprsv.ro\/index.php?rest_route=\/wp\/v2\/pages"}],"about":[{"href":"https:\/\/cnprsv.ro\/index.php?rest_route=\/wp\/v2\/types\/page"}],"author":[{"embeddable":true,"href":"https:\/\/cnprsv.ro\/index.php?rest_route=\/wp\/v2\/users\/1"}],"replies":[{"embeddable":true,"href":"https:\/\/cnprsv.ro\/index.php?rest_route=%2Fwp%2Fv2%2Fcomments&post=2348"}],"version-history":[{"count":2,"href":"https:\/\/cnprsv.ro\/index.php?rest_route=\/wp\/v2\/pages\/2348\/revisions"}],"predecessor-version":[{"id":8556,"href":"https:\/\/cnprsv.ro\/index.php?rest_route=\/wp\/v2\/pages\/2348\/revisions\/8556"}],"up":[{"embeddable":true,"href":"https:\/\/cnprsv.ro\/index.php?rest_route=\/wp\/v2\/pages\/51"}],"wp:attachment":[{"href":"https:\/\/cnprsv.ro\/index.php?rest_route=%2Fwp%2Fv2%2Fmedia&parent=2348"}],"curies":[{"name":"wp","href":"https:\/\/api.w.org\/{rel}","templated":true}]}}

<p>Frieda Vigder s-a născut în ianuarie 1911 în satul Chilişeni, în casa familiei Itzig Hutman-Rachmuth, morar, și Ietti Hutman-Rachmuth, casnică. A avut o soră Clara (după căsătorie, Clara Zloczower) care a devenit ulterior judecător și un frate, Carl, contabil care a decedat de îndată ce familia s-a întors din deportarea în Transnistria.</p>
<p>Frieda Vigder s-a căsătorit în 1934 cu Simon Vigder, care a fost jurist. Nu au avut copii.</p>
<p>A urmat studiile în limba germană la Școala Primară din Chilişeni. După unirea Bucovinei cu România, se mută cu familia la Suceava. Urmează cursurile Liceului de Fete  „Doamna Maria&#8221; (astăzi, Colegiul Naţional „Petru Rareş”), făcând parte din prima generație de liceeni care termină studiile în limba română (înaintea şi în timpul primului război mondial, Liceul a funcţionat ca liceu cu studii în limba germană).</p>
<p>A absolvit Facultatea de Fizică-Chimie la Universitatea din Cernăuţi, în anul 1932. După absolvire, a devenit profesoară de chimie la Cernăuţi, unde a și locuit vreme de 11 ani.</p>
<p>Asemeni multor semeni de ai săi, Frieda Vigder a fost deportată, împreună cu întreaga familie, într-un lagăr din Transnistria, unde, cu sprijinul unor locuitori din zonă, Frieda Vigder și-a transformat locuința în școală pentru copiii familiilor deportate.</p>
<p>Revenind la Suceava, ocupă pentru o vreme funcția de șef al Secției de Învățământ și de inspector școlar. Frieda Vigder a devenit profesor la liceul pe care îl absolvise. S-a remarcat prin exigență și un excepțional talent pedagogic. A fost apreciată deopotrivă de elevi, absolvenți și profesori, colegi ai domniei sale.</p>
<p>A fost director al liceului „Petru Rareş” între anii 1957 şi 1963.</p>
<p>În iulie 2009, la Colegiul Naţional „Petru Rareş”, cu sprijinul dnei. prof. Ica Manas Zloczower de la <em>Case Western Reserve University </em>din Cleveland, Ohio,  s-a instituit &#8222;Premiul Profesor Frieda Vigder&#8221; care se acordă la sfârșitul fiecarui an școlar unui absolvent/absolvente a Colegiului pentru rezultate foarte bune la învățătură și care provine dintr-o familie cu mijloace financiare modeste. Primul premiu a fost acordat în mai 2010, la cursul festiv al promoției 2010 a colegiului.</p>
<p>&nbsp;</p>
<h1 style="text-align: center;"><em><strong><span style="color: #ff6600;">LAUREAȚII PREMIULUI ”FRIEDA VIGDER”</span></strong></em></h1>
<p>&nbsp;</p>
<p style="text-align: center;"><a href="https://cnprsv.ro/wp-content/uploads/2011/10/2017-Georgiana-si-George-Bejinariu.jpg" rel="lightbox[2348]"><img loading="lazy" decoding="async" class="aligncenter wp-image-8538" src="https://cnprsv.ro/wp-content/uploads/2011/10/2017-Georgiana-si-George-Bejinariu.jpg" alt="" width="250" height="221" srcset="https://cnprsv.ro/wp-content/uploads/2011/10/2017-Georgiana-si-George-Bejinariu.jpg 1543w, https://cnprsv.ro/wp-content/uploads/2011/10/2017-Georgiana-si-George-Bejinariu-300x266.jpg 300w, https://cnprsv.ro/wp-content/uploads/2011/10/2017-Georgiana-si-George-Bejinariu-1024x907.jpg 1024w" sizes="auto, (max-width: 250px) 100vw, 250px" /></a></p>
<h4 style="text-align: center;">2017 &#8211; <span style="color: #ff6600;"><strong>Georgiana Bejinariu</strong></span> și <span style="color: #ff6600;"><strong>George Bejinariu</strong></span>, cu dna. prof. Olga Mustață</h4>
<p>&nbsp;</p>
<p style="text-align: center;"> <a href="https://cnprsv.ro/wp-content/uploads/2011/10/2016-Nicu-Andronic-e1510323756351.jpg" rel="lightbox[2348]"><img loading="lazy" decoding="async" class="size-full wp-image-8545" src="https://cnprsv.ro/wp-content/uploads/2011/10/2016-Nicu-Andronic-e1510323756351.jpg" alt="2016 Nicu Andronic" width="250" height="302" /></a></p>
<h4 style="text-align: center;">2016 &#8211; <span style="color: #ff6600;"><strong>Nicu Andronic</strong></span></h4>
<p>&nbsp;</p>
<p style="text-align: center;"><a href="https://cnprsv.ro/wp-content/uploads/2011/10/2015-Ionela-Gaza-si-Mihai-Gaitan-e1510323894417.jpg" rel="lightbox[2348]"><img loading="lazy" decoding="async" class="size-full wp-image-8544 aligncenter" src="https://cnprsv.ro/wp-content/uploads/2011/10/2015-Ionela-Gaza-si-Mihai-Gaitan-e1510323894417.jpg" alt="2015 Ionela Gaza si Mihai Gaitan" width="250" height="249" /></a></p>
<h4 style="text-align: center;">2015 &#8211; <span style="color: #ff6600;"><strong>Ionela Gâză </strong></span>și<span style="color: #ff6600;"><strong> Mihai Găitan</strong></span>, cu dna. prof. Ica Manas Zloczower</h4>
<p>&nbsp;</p>
<p><a href="https://cnprsv.ro/wp-content/uploads/2011/10/2014-Daniela-Gavriliuc-e1510324016126.jpg" rel="lightbox[2348]"><img loading="lazy" decoding="async" class="size-full wp-image-8543 aligncenter" src="https://cnprsv.ro/wp-content/uploads/2011/10/2014-Daniela-Gavriliuc-e1510324016126.jpg" alt="2014 Daniela Gavriliuc" width="250" height="350" /></a></p>
<h4 style="text-align: center;">2014 &#8211; <strong><span style="color: #ff6600;">Daniela Gavriliuc</span></strong>, cu dna. prof. Olga Mustață</h4>
<p>&nbsp;</p>
<p><a href="https://cnprsv.ro/wp-content/uploads/2011/10/2013-Emanuel-Magas-e1510324080730.jpg" rel="lightbox[2348]"><img loading="lazy" decoding="async" class="size-full wp-image-8542 aligncenter" src="https://cnprsv.ro/wp-content/uploads/2011/10/2013-Emanuel-Magas-e1510324080730.jpg" alt="2013 Emanuel Magas" width="250" height="344" /></a></p>
<h4 style="text-align: center;">2013 &#8211; <span style="color: #ff6600;"><strong>Emanuel Magas</strong></span>, cu dna. prof. Olga Mustață</h4>
<p>&nbsp;</p>
<p><a href="https://cnprsv.ro/wp-content/uploads/2011/10/2012-Emanuel-Schipor-e1510324129482.jpg" rel="lightbox[2348]"><img loading="lazy" decoding="async" class="size-full wp-image-8541 aligncenter" src="https://cnprsv.ro/wp-content/uploads/2011/10/2012-Emanuel-Schipor-e1510324129482.jpg" alt="2012 Emanuel Schipor" width="250" height="375" /></a></p>
<h4 style="text-align: center;">2012 &#8211; <strong><span style="color: #ff6600;">Emanuel Schipor</span></strong>, cu dna. prof. Olga Mustață</h4>
<p>&nbsp;</p>
<p><a href="https://cnprsv.ro/wp-content/uploads/2011/10/2011-Ana-Cajvan-e1510324171177.jpg" rel="lightbox[2348]"><img loading="lazy" decoding="async" class="size-full wp-image-8540 aligncenter" src="https://cnprsv.ro/wp-content/uploads/2011/10/2011-Ana-Cajvan-e1510324171177.jpg" alt="2011 Ana Cajvan" width="250" height="333" /></a></p>
<h4 style="text-align: center;">2011 &#8211; <strong><span style="color: #ff6600;">Ana Cajvan</span></strong>, cu dna. prof. Ica Manas Zloczower</h4>
<p>&nbsp;</p>
<p><a href="https://cnprsv.ro/wp-content/uploads/2011/10/2010-Ionut-Blesneag-e1510324229750.jpg" rel="lightbox[2348]"><img loading="lazy" decoding="async" class="size-full wp-image-8539 aligncenter" src="https://cnprsv.ro/wp-content/uploads/2011/10/2010-Ionut-Blesneag-e1510324229750.jpg" alt="2010 Ionut Blesneag" width="250" height="375" /></a></p>
<h4 style="text-align: center;">2010 &#8211; <span style="color: #ff6600;"><strong>Ionuț Blesneag</strong></span></h4>

<p>Frieda Vigder s-a născut în ianuarie 1911 în satul Chilişeni, în casa familiei Itzig Hutman-Rachmuth, morar, și Ietti Hutman-Rachmuth, casnică. A avut o soră Clara (după căsătorie, Clara Zloczower) care a devenit ulterior judecător și un frate, Carl, contabil care a decedat de îndată</p>
<div class="entry-read-more"><a class="read-more-link" href="https://cnprsv.ro/?page_id=2348">Read More<span class="cleanwp-sr-only">  Premiul ”Profesor Frieda Vigder”</span></a></div>
