{"id":2500,"date":"2012-06-07T07:27:50","date_gmt":"2012-06-07T07:27:50","guid":{"rendered":"http:\/\/cnprsv.ro\/?page_id=2500"},"modified":"2024-10-11T15:37:37","modified_gmt":"2024-10-11T13:37:37","slug":"2500-2","status":"publish","type":"page","link":"https:\/\/cnprsv.ro\/?page_id=2500","title":{"rendered":"Video and communication. Media education across the curriculum"},"content":{"rendered":"<p><img loading=\"lazy\" decoding=\"async\" class=\"alignright size-full wp-image-1770\" title=\"Sigla Grundtvig\" src=\"https:\/\/cnprsv.ro\/wp-content\/uploads\/2011\/11\/Sigla-Grundtvig.jpg\" alt=\"\" width=\"175\" height=\"97\" srcset=\"https:\/\/cnprsv.ro\/wp-content\/uploads\/2011\/11\/Sigla-Grundtvig.jpg 301w, https:\/\/cnprsv.ro\/wp-content\/uploads\/2011\/11\/Sigla-Grundtvig-300x166.jpg 300w\" sizes=\"auto, (max-width: 175px) 100vw, 175px\" \/><\/p>\n<p style=\"text-align: center;\">\n<p style=\"text-align: center;\">\n<p style=\"text-align: center;\"><strong>Curs de formare individual\u0103<\/strong><strong><br \/>\n<strong>Programul de \u00eenv\u0103\u0163are pe tot parcursul vie\u0163ii<\/strong><br \/>\n<strong>Subprogramul Comenius<\/strong><\/strong><\/p>\n<p>&nbsp;<\/p>\n<p><strong>Numele cursantului<\/strong>: Anca Vieriu<br \/>\n<strong>Institu\u0163ia de \u00eenv\u0103\u0163\u0103m\u00e2nt<\/strong>: Colegiul Na\u0163ional \u201cPetru Rare\u015f\u201d, Suceava<br \/>\n<strong>Num\u0103rul formularului de aplica\u0163ie<\/strong>: 12-178-CG-DE<br \/>\n<strong>Titlul cursului<\/strong>: <em>Video and communication. Media education across the curriculum<\/em><br \/>\n<strong>Num\u0103rul de referin\u0163\u0103 al cursului<\/strong>: DE-2010-925-002<br \/>\n<strong>Finan\u0163area cursului<\/strong>: Comisia european\u0103, prin intermediul Agen\u021biei Na\u021bionale pentru Programe Comunitare<br \/>\n<strong>Organizatorul activit\u0103\u0163ii de formare<\/strong>: Kulturring in Berlin e.V.<br \/>\n<strong>Locul de desf\u0103\u015furare<\/strong>: Berlin, Germania<br \/>\n<strong>Perioada de desf\u0103\u015furare<\/strong>: 21-25 mai 2012<br \/>\n<strong>Participan\u0163i<\/strong>: profesori din Rom\u00e2nia, Slovenia, Grecia<\/p>\n<p>&nbsp;<\/p>\n<p>Cursul organizat pe teme media de c\u0103tre Kulturring in Berlin e.V. a avut ca suport constatarea c\u0103 elevii prefer\u0103 instrumente de lucru moderne, care s\u0103 creasc\u0103 at\u00e2t atractivitatea lec\u021biilor \u0219i a activit\u0103\u021bilor extracurriculare. Din acest motiv, media trebuie sa devin\u0103, \u00een mod consecvent, at\u00e2t obiect, c\u00e2t \u0219i instument de studiu.<\/p>\n<p>Activitatea de formare nu a avut ca scop principal dob\u00e2ndirea de performan\u021be \u00een tehnicile media, ci descoperirea de c\u00e2t mai multe idei care s\u0103 permit\u0103 produc\u021bia video s\u0103 p\u0103trund\u0103 \u00een curriculum.<\/p>\n<p>Obiectivele cursului au fost:<\/p>\n<p>&#8211;\u00a0\u00a0\u00a0\u00a0\u00a0\u00a0\u00a0\u00a0 clarificarea ideii de introducere \u0219i folosire constant\u0103 a mediilor \u00een procesul de \u00eenv\u0103\u021bare<\/p>\n<p>&#8211;\u00a0\u00a0\u00a0\u00a0\u00a0\u00a0\u00a0\u00a0 dezvoltarea deprinderilor de plasare a ideii de educa\u021bie media \u00een actul didactic<\/p>\n<p>&#8211;\u00a0\u00a0\u00a0\u00a0\u00a0\u00a0\u00a0\u00a0 realizarea de photo stories, filme scurte, anima\u021bie<\/p>\n<p>&#8211;\u00a0\u00a0\u00a0\u00a0\u00a0\u00a0\u00a0\u00a0 introducere \u00een tehnicile digitale de editare video \u0219i audio<\/p>\n<p>&#8211;\u00a0\u00a0\u00a0\u00a0\u00a0\u00a0\u00a0\u00a0 \u00eenscrierea rezultatelor (filme scurte) pe o platform\u0103 Moodle<\/p>\n<p>&#8211;\u00a0\u00a0\u00a0\u00a0\u00a0\u00a0\u00a0\u00a0 explorarea \u0219i crearea de proiecte media europene<\/p>\n<p>&#8211;\u00a0\u00a0\u00a0\u00a0\u00a0\u00a0\u00a0\u00a0 realizarea unui dialog intercultural<\/p>\n<p>Conduc\u0103torul cursului, Armin Hottmann, precum \u0219i asisten\u021bii s\u0103i, Felix Hawran \u0219i Marco Jessat, s-au dovedit gazde \u0219i traineri de excep\u021bie. Organizarea cursului a fost f\u0103r\u0103 cusur \u0219i a propus deschideri c\u0103tre alte manifest\u0103ri cultural &#8211; educa\u021bionale, cum ar fi conferin\u021ba Crealle (Creativity in language learning).<\/p>\n<p>Experien\u021ba Kulturring in Berlin va aduce, cu siguran\u021b\u0103, \u00een \u0219coala noastr\u0103, schimb\u0103ri benefice de viziune asupra actului didactic.<\/p>\n<p style=\"text-align: right;\">\n<p style=\"text-align: right;\">Prof. Anca Vieriu<\/p>\n<p>&nbsp;<\/p>\n<p><div class='jwplayer' id='jwplayer-0'><\/div><script type='text\/javascript'>if(typeof(jQuery)==\"function\"){(function($){$.fn.fitVids=function(){}})(jQuery)};jwplayer('jwplayer-0').setup({\"image\":\"http:\/\/cnprsv.ro\/wp-content\/uploads\/2012\/06\/SiteBerlin_0003.flv\",\"file\":\"http:\/\/cnprsv.ro\/wp-content\/uploads\/2012\/06\/SiteBerlin_0003.flv\"});\n<\/script><\/p>\n<p>&nbsp;<\/p>\n<p>&nbsp;<\/p>\n<p>&nbsp;<\/p>\n","protected":false},"excerpt":{"rendered":"<p>Curs de formare individual\u0103 Programul de \u00eenv\u0103\u0163are pe tot parcursul vie\u0163ii Subprogramul Comenius &nbsp; Numele cursantului: Anca Vieriu Institu\u0163ia de \u00eenv\u0103\u0163\u0103m\u00e2nt: Colegiul Na\u0163ional \u201cPetru Rare\u015f\u201d, Suceava Num\u0103rul formularului de aplica\u0163ie: 12-178-CG-DE Titlul cursului: Video and communication. Media education across the<\/p>\n<div class=\"entry-read-more\"><a class=\"read-more-link\" href=\"https:\/\/cnprsv.ro\/?page_id=2500\">Read More<span class=\"cleanwp-sr-only\">  Video and communication. Media education across the curriculum<\/span><\/a><\/div>\n","protected":false},"author":1,"featured_media":0,"parent":211,"menu_order":0,"comment_status":"closed","ping_status":"open","template":"","meta":{"_editorskit_title_hidden":false,"_editorskit_reading_time":0,"_editorskit_is_block_options_detached":false,"_editorskit_block_options_position":"{}","footnotes":""},"class_list":["post-2500","page","type-page","status-publish","hentry"],"_links":{"self":[{"href":"https:\/\/cnprsv.ro\/index.php?rest_route=\/wp\/v2\/pages\/2500","targetHints":{"allow":["GET"]}}],"collection":[{"href":"https:\/\/cnprsv.ro\/index.php?rest_route=\/wp\/v2\/pages"}],"about":[{"href":"https:\/\/cnprsv.ro\/index.php?rest_route=\/wp\/v2\/types\/page"}],"author":[{"embeddable":true,"href":"https:\/\/cnprsv.ro\/index.php?rest_route=\/wp\/v2\/users\/1"}],"replies":[{"embeddable":true,"href":"https:\/\/cnprsv.ro\/index.php?rest_route=%2Fwp%2Fv2%2Fcomments&post=2500"}],"version-history":[{"count":3,"href":"https:\/\/cnprsv.ro\/index.php?rest_route=\/wp\/v2\/pages\/2500\/revisions"}],"predecessor-version":[{"id":11638,"href":"https:\/\/cnprsv.ro\/index.php?rest_route=\/wp\/v2\/pages\/2500\/revisions\/11638"}],"up":[{"embeddable":true,"href":"https:\/\/cnprsv.ro\/index.php?rest_route=\/wp\/v2\/pages\/211"}],"wp:attachment":[{"href":"https:\/\/cnprsv.ro\/index.php?rest_route=%2Fwp%2Fv2%2Fmedia&parent=2500"}],"curies":[{"name":"wp","href":"https:\/\/api.w.org\/{rel}","templated":true}]}}

<p><img loading="lazy" decoding="async" class="alignright size-full wp-image-1770" title="Sigla Grundtvig" src="https://cnprsv.ro/wp-content/uploads/2011/11/Sigla-Grundtvig.jpg" alt="" width="175" height="97" srcset="https://cnprsv.ro/wp-content/uploads/2011/11/Sigla-Grundtvig.jpg 301w, https://cnprsv.ro/wp-content/uploads/2011/11/Sigla-Grundtvig-300x166.jpg 300w" sizes="auto, (max-width: 175px) 100vw, 175px" /></p>
<p style="text-align: center;">
<p style="text-align: center;">
<p style="text-align: center;"><strong>Curs de formare individuală</strong><strong><br />
<strong>Programul de învăţare pe tot parcursul vieţii</strong><br />
<strong>Subprogramul Comenius</strong></strong></p>
<p>&nbsp;</p>
<p><strong>Numele cursantului</strong>: Anca Vieriu<br />
<strong>Instituţia de învăţământ</strong>: Colegiul Naţional “Petru Rareş”, Suceava<br />
<strong>Numărul formularului de aplicaţie</strong>: 12-178-CG-DE<br />
<strong>Titlul cursului</strong>: <em>Video and communication. Media education across the curriculum</em><br />
<strong>Numărul de referinţă al cursului</strong>: DE-2010-925-002<br />
<strong>Finanţarea cursului</strong>: Comisia europeană, prin intermediul Agenției Naționale pentru Programe Comunitare<br />
<strong>Organizatorul activităţii de formare</strong>: Kulturring in Berlin e.V.<br />
<strong>Locul de desfăşurare</strong>: Berlin, Germania<br />
<strong>Perioada de desfăşurare</strong>: 21-25 mai 2012<br />
<strong>Participanţi</strong>: profesori din România, Slovenia, Grecia</p>
<p>&nbsp;</p>
<p>Cursul organizat pe teme media de către Kulturring in Berlin e.V. a avut ca suport constatarea că elevii preferă instrumente de lucru moderne, care să crească atât atractivitatea lecțiilor și a activităților extracurriculare. Din acest motiv, media trebuie sa devină, în mod consecvent, atât obiect, cât și instument de studiu.</p>
<p>Activitatea de formare nu a avut ca scop principal dobândirea de performanțe în tehnicile media, ci descoperirea de cât mai multe idei care să permită producția video să pătrundă în curriculum.</p>
<p>Obiectivele cursului au fost:</p>
<p>&#8211;         clarificarea ideii de introducere și folosire constantă a mediilor în procesul de învățare</p>
<p>&#8211;         dezvoltarea deprinderilor de plasare a ideii de educație media în actul didactic</p>
<p>&#8211;         realizarea de photo stories, filme scurte, animație</p>
<p>&#8211;         introducere în tehnicile digitale de editare video și audio</p>
<p>&#8211;         înscrierea rezultatelor (filme scurte) pe o platformă Moodle</p>
<p>&#8211;         explorarea și crearea de proiecte media europene</p>
<p>&#8211;         realizarea unui dialog intercultural</p>
<p>Conducătorul cursului, Armin Hottmann, precum și asistenții săi, Felix Hawran și Marco Jessat, s-au dovedit gazde și traineri de excepție. Organizarea cursului a fost fără cusur și a propus deschideri către alte manifestări cultural &#8211; educaționale, cum ar fi conferința Crealle (Creativity in language learning).</p>
<p>Experiența Kulturring in Berlin va aduce, cu siguranță, în școala noastră, schimbări benefice de viziune asupra actului didactic.</p>
<p style="text-align: right;">
<p style="text-align: right;">Prof. Anca Vieriu</p>
<p>&nbsp;</p>
<p><div class='jwplayer' id='jwplayer-0'></div><script type='text/javascript'>if(typeof(jQuery)=="function"){(function($){$.fn.fitVids=function(){}})(jQuery)};jwplayer('jwplayer-0').setup({"image":"http://cnprsv.ro/wp-content/uploads/2012/06/SiteBerlin_0003.flv","file":"http://cnprsv.ro/wp-content/uploads/2012/06/SiteBerlin_0003.flv"});
</script></p>
<p>&nbsp;</p>
<p>&nbsp;</p>
<p>&nbsp;</p>

<p>Curs de formare individuală Programul de învăţare pe tot parcursul vieţii Subprogramul Comenius &nbsp; Numele cursantului: Anca Vieriu Instituţia de învăţământ: Colegiul Naţional “Petru Rareş”, Suceava Numărul formularului de aplicaţie: 12-178-CG-DE Titlul cursului: Video and communication. Media education across the</p>
<div class="entry-read-more"><a class="read-more-link" href="https://cnprsv.ro/?page_id=2500">Read More<span class="cleanwp-sr-only">  Video and communication. Media education across the curriculum</span></a></div>
