{"id":270,"date":"2011-03-26T08:42:27","date_gmt":"2011-03-26T08:42:27","guid":{"rendered":"http:\/\/cnprsv.ro\/?page_id=270"},"modified":"2024-10-11T15:37:37","modified_gmt":"2024-10-11T13:37:37","slug":"tabere-de-vara","status":"publish","type":"page","link":"https:\/\/cnprsv.ro\/?page_id=270","title":{"rendered":"Tabere de var\u0103"},"content":{"rendered":"<p>&nbsp;<\/p>\n<ul>\n<li><a href=\"https:\/\/cnprsv.ro\/?p=8279\" target=\"_blank\" rel=\"noopener\">Tab\u0103ra de var\u0103 \u0218coala Bobocilor 2017<\/a><\/li>\n<li><a href=\"https:\/\/cnprsv.ro\/?page_id=6893\" target=\"_blank\" rel=\"noopener\">Tab\u0103ra de var\u0103 \u0218coala Bobocilor 2016<\/a><\/li>\n<li><a href=\"http:\/\/engleza.cnprsv.ro\/anunturi.html\">Tab\u0103ra de var\u0103 \u00een limba englez\u0103 (SCROLL) 2011<\/a>.<\/li>\n<li>Tab\u0103ra de var\u0103 \u00een limba german\u0103.<\/li>\n<\/ul>\n<p>&nbsp;<\/p>\n","protected":false},"excerpt":{"rendered":"<p>&nbsp; Tab\u0103ra de var\u0103 \u0218coala Bobocilor 2017 Tab\u0103ra de var\u0103 \u0218coala Bobocilor 2016 Tab\u0103ra de var\u0103 \u00een limba englez\u0103 (SCROLL) 2011. Tab\u0103ra de var\u0103 \u00een limba german\u0103. &nbsp;<\/p>\n","protected":false},"author":1,"featured_media":0,"parent":260,"menu_order":5,"comment_status":"closed","ping_status":"closed","template":"","meta":{"_editorskit_title_hidden":false,"_editorskit_reading_time":0,"_editorskit_is_block_options_detached":false,"_editorskit_block_options_position":"{}","footnotes":""},"class_list":["post-270","page","type-page","status-publish","hentry"],"_links":{"self":[{"href":"https:\/\/cnprsv.ro\/index.php?rest_route=\/wp\/v2\/pages\/270","targetHints":{"allow":["GET"]}}],"collection":[{"href":"https:\/\/cnprsv.ro\/index.php?rest_route=\/wp\/v2\/pages"}],"about":[{"href":"https:\/\/cnprsv.ro\/index.php?rest_route=\/wp\/v2\/types\/page"}],"author":[{"embeddable":true,"href":"https:\/\/cnprsv.ro\/index.php?rest_route=\/wp\/v2\/users\/1"}],"replies":[{"embeddable":true,"href":"https:\/\/cnprsv.ro\/index.php?rest_route=%2Fwp%2Fv2%2Fcomments&post=270"}],"version-history":[{"count":3,"href":"https:\/\/cnprsv.ro\/index.php?rest_route=\/wp\/v2\/pages\/270\/revisions"}],"predecessor-version":[{"id":11642,"href":"https:\/\/cnprsv.ro\/index.php?rest_route=\/wp\/v2\/pages\/270\/revisions\/11642"}],"up":[{"embeddable":true,"href":"https:\/\/cnprsv.ro\/index.php?rest_route=\/wp\/v2\/pages\/260"}],"wp:attachment":[{"href":"https:\/\/cnprsv.ro\/index.php?rest_route=%2Fwp%2Fv2%2Fmedia&parent=270"}],"curies":[{"name":"wp","href":"https:\/\/api.w.org\/{rel}","templated":true}]}}