{"id":3184,"date":"2013-02-12T11:33:01","date_gmt":"2013-02-12T11:33:01","guid":{"rendered":"http:\/\/cnprsv.ro\/?page_id=3184"},"modified":"2024-10-11T15:37:37","modified_gmt":"2024-10-11T13:37:37","slug":"universitati","status":"publish","type":"page","link":"https:\/\/cnprsv.ro\/?page_id=3184","title":{"rendered":"Universit\u0103\u021bi"},"content":{"rendered":"<h1>Oferta anului 2017<\/h1>\n<h3>\u00cen Rom\u00e2nia:<\/h3>\n<h4>\u00a0<a href=\"\/documente\/2017_martie_Scrisoare UB.pdf\" target=\"_blank\" rel=\"noopener\">Universitatea din Bucure\u0219ti &#8211; Zilele Por\u021bilor Deschise<\/a><\/h4>\n<h2><\/h2>\n<p>&nbsp;<\/p>\n<h1>Oferta anului 2016<\/h1>\n<h2><\/h2>\n<h2>\u00cen Rom\u00e2nia:<\/h2>\n<ul>\n<li><a href=\"http:\/\/goo.gl\/pBGEVi\" target=\"_blank\" rel=\"noopener\">Geografia turismului \u00een limba francez\u0103, la Universitatea \u201dAl. I. Cuza\u201d Ia\u0219i<\/a><\/li>\n<li><a href=\"documente\/2016_mai_Colegiul_Juridic_franco-roman_de_studii_europene .zip\" target=\"_blank\" rel=\"noopener\">Colegiul Juridic franco-rom\u00e2n de studii europene <\/a><\/li>\n<\/ul>\n<p>&nbsp;<\/p>\n<h1>Oferta anului 2015<\/h1>\n<h2><\/h2>\n<h2>\u00cen Rom\u00e2nia:<\/h2>\n<ul>\n<li>\u00a0<a href=\"documente\/2015_aprilie_universitati_AF- ADM_iulie_2015_A3.pdf\" target=\"_blank\" rel=\"noopener\">Universitatea Tehnic\u0103 din Cluj-Napoca<\/a><\/li>\n<\/ul>\n<h2><\/h2>\n<h2>\u00cen str\u0103in\u0103tate:<\/h2>\n<ul>\n<li><a href=\"https:\/\/cnprsv.ro\/?page_id=5347\" target=\"_blank\" rel=\"noopener\">Institutul Na\u021bional de \u0218tiin\u021be Aplicate (INSA) din Lyon<\/a><\/li>\n<li><a href=\"documente\/2015_mai_invitation_salonetudesetcarriresdeltudiantfrancop.zip\" target=\"_blank\" rel=\"noopener\">Salonul Studentului Francofon \u201eStudii \u015fi Cariere\u201d<\/a><\/li>\n<\/ul>\n<p>&nbsp;<\/p>\n<h1>Oferta anului 2014<\/h1>\n<h2><\/h2>\n<h2>\u00cen Rom\u00e2nia:<\/h2>\n<ul>\n<li>Universitatea Tehnic\u0103 de Construc\u021bii Bucure\u0219ti, <a href=\"documente\/2013_septembrie_Unviersitate_Constructii_Buc_Etudiez_le_Genie_civil_en_Roumanie.pdf\">Facultatea de Inginerie \u00een Limbi Str\u0103ine<\/a><\/li>\n<li>Locuri de munc\u0103 pentru absolven\u021bii sec\u021biilor francofone &#8211; <a href=\"http:\/\/www.franco-jobs.com\/\">http:\/\/www.franco-jobs.com<\/a><\/li>\n<li><a href=\"http:\/\/www.ambafrance-ro.org\/spip.php?article2869\">Carte interactive de la coop\u00e9ration universitaire franco-roumaine<\/a><\/li>\n<li>Cliquez sur l&#8217;image pour t\u00e9l\u00e9charger la nouvelle brochure de la Fili\u00e8re francophone de l&#8217;Universit\u00e9 Politehnica de Bucarest. La Facult\u00e9 d&#8217;ing\u00e9nierie en langues \u00e9trang\u00e8res (FILS) propose 3 licences et 4 masters francophones. Dans le cadre de l&#8217;orientation des lyc\u00e9ens, nous sommes \u00e0 votre disposition pour organiser des pr\u00e9sentations dans vos classes ainsi que des visites de l&#8217;Universit\u00e9.<br \/>\nPlus ancienne \u00e9cole d&#8217;ing\u00e9nieurs du pays, l&#8217;Universit\u00e9 Politehnica de Bucarest est au premier rang des universit\u00e9s roumaines en termes d&#8217;\u00e9changes francophones, elle offre de nombreux cursus, stages et bourses permettant aux lyc\u00e9ens de poursuivre leurs \u00e9tudes dans des fili\u00e8res de choix et dans des parcours multilingues. (<a href=\"http:\/\/www.vizavi-edu.ro\/\">www.vizavi-edu.ro<\/a>)<br \/>\nContact: Aymeric Jeudy &#8211; Lecteur de fran\u00e7ais &#8211; aymeric.jeudy@institutfrancais-roumanie.com<\/li>\n<li>Universitatea din Oradea, <a href=\"http:\/\/www.ingmediuoradea.ro\" target=\"_blank\" rel=\"noopener\">Facultatea de Protec\u0163ia Mediului<\/a> (<a href=\"documente\/2014_mai_oferta_educationala_Oradea_Facultatea_de_Protectia_Mediului.pdf\" target=\"_blank\" rel=\"noopener\">prezentare<\/a>)<\/li>\n<li>Oferta educa\u021bional\u0103 a Facult\u0103\u021bii de drept din cadrul Universit\u0103\u021bii Bucure\u0219ti \u0219i a Colegiului juridic franco-roman (<a href=\"https:\/\/cnprsv.ro\/wp-content\/uploads\/2013\/02\/scan108.jpg\" target=\"_blank\" rel=\"noopener\" rel=\"lightbox[3184]\">pg. 1<\/a>, <a href=\"https:\/\/cnprsv.ro\/wp-content\/uploads\/2013\/02\/scan109.jpg\" target=\"_blank\" rel=\"noopener\" rel=\"lightbox[3184]\">pg. 2<\/a>)<\/li>\n<\/ul>\n<h2><\/h2>\n<p>&nbsp;<\/p>\n<h1>Oferta anului 2013<\/h1>\n<h2><\/h2>\n<h2>\u00cen Rom\u00e2nia:<\/h2>\n<ul>\n<li>Universitatea \u201e\u0218tefan cel Mare\u201d Suceava\n<ul>\n<li><a href=\"documente\/2013_februarie_Geografie_la_SUCEAVA.pdf\">Facultatea de Geografie<\/a><\/li>\n<li>Facultatea de Inginerie Mecanic\u0103, Mecatronic\u0103 \u0219i Management (<a href=\"documente\/2013_martie_afis_FIM.jpg\" rel=\"lightbox[3184]\">afi\u0219<\/a>, <a href=\"documente\/2013_martie_Presentation_FIM.png\" rel=\"lightbox[3184]\">prezentare<\/a>, <a href=\"documente\/2013_martie_Oferta_FIM.pdf\">ofert\u0103<\/a>)<\/li>\n<\/ul>\n<\/li>\n<li>Universitatea Tehnic\u0103 din Cluj-Napoca\n<ul>\n<li><a href=\"documente\/2013_februarie_Anunt_program_saptamana_portilor_deschise_UTCN.pdf\">Program S\u0103pt\u0103m\u00e2na por\u021bilor deschise<\/a><\/li>\n<li><a href=\"documente\/2013_februarie_afis_O_Cariera_in_Inginerie_UTCN_2013.pdf\">Sesiunea \u0219tiin\u021bific\u0103 \u201eO carier\u0103 \u00een inginerie\u201d<\/a><\/li>\n<li><a href=\"documente\/2013_februarie_afis_cursuri_matematica_UTCN_2013.pdf\">Curs de preg\u0103tire la matematic\u0103 pentru elevi<\/a><\/li>\n<li><a href=\"documente\/2013_februarie_afis_curs_pregatire_Arhitectura_UTCN_2013.pdf\">Curs de preg\u0103tire pentru admiterea la arhitectur\u0103<\/a><\/li>\n<li><a href=\"documente\/2013_februarie_afis_concurs_electrotehniada_UTCN_2013.pdf\">Concursul electrotehniada<\/a><\/li>\n<li><a href=\"documente\/2013_februarie_afis_cerc_programare_la UTCN_elevi_2013.pdf\">Cerc de programare destinat elevilor de liceu<\/a><\/li>\n<\/ul>\n<\/li>\n<li><a href=\"documente\/2013_februarie_filieres_universitaires_francophones.pdf\">Filierele francofone universitare din Rom\u00e2nia<\/a> (<a href=\"documente\/2013_februarie_BrochureFUF18mai.pdf\">Bro\u0219ura FUF<\/a>, <a href=\"documente\/2013_martie_Les_filieres_francophones_AFIS.pdf\">Afi\u0219 FUF<\/a>)<\/li>\n<li>Universitatea Babe\u0219-Bolyai Cluj-Napoca\n<ul>\n<li>Facultatea de Biologie \u0219i Geoglogie (pliant <a href=\"documente\/2013_februarie_universitatea_babes_biologie_geologie_pliant_fata.jpg\" rel=\"lightbox[3184]\">exterior<\/a> \u0219i <a href=\"documente\/2013_februarie_universitatea_babes_biologie_geologie_pliant_spate.jpg\" rel=\"lightbox[3184]\">interior<\/a>)<\/li>\n<li>Facultatea de Business (pliant <a href=\"documente\/2013_martie_facultatea_business_exterior.jpg\" rel=\"lightbox[3184]\">exterior<\/a> \u0219i <a href=\"documente\/2013_martie_facultatea_business_interior.jpg\" rel=\"lightbox[3184]\">interior<\/a>)<\/li>\n<li>Faculte des sciences economiques et gestion des affaires &#8211; Filiere francophone (<a href=\"documente\/2013_aprilie_Faculte_des_sciences_economiques_et_gestion_des_affaires_Filiere_francophone_pg1.jpg\" rel=\"lightbox[3184]\">pagina 1<\/a> \u0219i <a href=\"documente\/2013_aprilie_Faculte_des_sciences_economiques_et_gestion_des_affaires_Filiere_francophone_pg2.jpg\" rel=\"lightbox[3184]\">pagina 2<\/a>)<\/li>\n<\/ul>\n<\/li>\n<li>Universitatea de medicin\u0103 \u0219i farmacie \u201eGr. T. Popa\u201d Ia\u0219i &#8211; <a href=\"documente\/2013_martie_simulare_Universitatea_medicina_Popa_iasi.jpg\" rel=\"lightbox[3184]\">simulare admitere<\/a><\/li>\n<li>Facultatea de constuc\u021bii \u0219i instala\u021bii Ia\u0219i (<a href=\"documente\/2013_martie_Admitere_ASAFCI.pdf\">prezentare<\/a>)<\/li>\n<li>Universitatea Agronomic\u0103 din Ia\u0219i (<a href=\"documente\/2013_martie_USAM_Prezentare_admitere_2013.pdf\">prezentare<\/a>, <a href=\"documente\/2013_martie_USAM_Reportaj_Pro_TV_3D.flv\">reportaj<\/a>, <a href=\"documente\/2013_martie_USAMV_centenar_TurVirtual_HD.flv\">tur virtual<\/a>)<\/li>\n<li>Universitatea din Oradea, Facultatea de Protec\u0163ia Mediului, <a href=\"documente\/2013_aprilie_departamentul_ingineria_mediului.pdf\">Departamentul Ingineria Mediului<\/a><\/li>\n<\/ul>\n<h2><\/h2>\n<h2>\u00cen str\u0103in\u0103tate:<\/h2>\n<ul>\n<li>Universitatea Reutlingen Germania &#8211; ESB Business School\n<ul>\n<li><a href=\"documente\/2013_februarie_ESB1.jpg\" rel=\"lightbox[3184]\">Invita\u021bie<\/a><\/li>\n<li>Pliant (<a href=\"documente\/2013_februarie_ESB2.jpg\" rel=\"lightbox[3184]\">part. 1<\/a>, <a href=\"documente\/2013_februarie_ESB3.jpg\" rel=\"lightbox[3184]\">part. 2<\/a>, <a href=\"documente\/2013_februarie_ESB4.jpg\" rel=\"lightbox[3184]\">part. 3<\/a>, <a href=\"documente\/2013_februarie_ESB5.jpg\" rel=\"lightbox[3184]\">part. 4<\/a>)<\/li>\n<\/ul>\n<\/li>\n<li>SciencesPo, studii universitare \u00een Fran\u021ba, ora\u0219ele Paris, Nancy, Le Havre, Dijon, Poitiers, Riems, Poitiers, Menton, \u00een domeniile: \u0219tiin\u021be politice, comunicare, jurnalism, economie etc.\n<ul>\n<li><a href=\"documente\/2013_martie_BROCHURES.rar\">Bro\u0219uri<\/a><\/li>\n<li><a href=\"documente\/2013_martie_A_propos_de_Sciences_Po.rar\">Informa\u021bii<\/a><\/li>\n<\/ul>\n<\/li>\n<\/ul>\n<p>&nbsp;<\/p>\n<p>&nbsp;<\/p>\n<p>&nbsp;<\/p>\n","protected":false},"excerpt":{"rendered":"<p>Oferta anului 2017 \u00cen Rom\u00e2nia: \u00a0Universitatea din Bucure\u0219ti &#8211; Zilele Por\u021bilor Deschise &nbsp; Oferta anului 2016 \u00cen Rom\u00e2nia: Geografia turismului \u00een limba francez\u0103, la Universitatea \u201dAl. I. Cuza\u201d Ia\u0219i Colegiul Juridic franco-rom\u00e2n de studii europene &nbsp; Oferta anului 2015 \u00cen<\/p>\n<div class=\"entry-read-more\"><a class=\"read-more-link\" href=\"https:\/\/cnprsv.ro\/?page_id=3184\">Read More<span class=\"cleanwp-sr-only\">  Universit\u0103\u021bi<\/span><\/a><\/div>\n","protected":false},"author":1,"featured_media":0,"parent":3182,"menu_order":0,"comment_status":"closed","ping_status":"open","template":"","meta":{"_editorskit_title_hidden":false,"_editorskit_reading_time":0,"_editorskit_is_block_options_detached":false,"_editorskit_block_options_position":"{}","footnotes":""},"class_list":["post-3184","page","type-page","status-publish","hentry"],"_links":{"self":[{"href":"https:\/\/cnprsv.ro\/index.php?rest_route=\/wp\/v2\/pages\/3184","targetHints":{"allow":["GET"]}}],"collection":[{"href":"https:\/\/cnprsv.ro\/index.php?rest_route=\/wp\/v2\/pages"}],"about":[{"href":"https:\/\/cnprsv.ro\/index.php?rest_route=\/wp\/v2\/types\/page"}],"author":[{"embeddable":true,"href":"https:\/\/cnprsv.ro\/index.php?rest_route=\/wp\/v2\/users\/1"}],"replies":[{"embeddable":true,"href":"https:\/\/cnprsv.ro\/index.php?rest_route=%2Fwp%2Fv2%2Fcomments&post=3184"}],"version-history":[{"count":3,"href":"https:\/\/cnprsv.ro\/index.php?rest_route=\/wp\/v2\/pages\/3184\/revisions"}],"predecessor-version":[{"id":11646,"href":"https:\/\/cnprsv.ro\/index.php?rest_route=\/wp\/v2\/pages\/3184\/revisions\/11646"}],"up":[{"embeddable":true,"href":"https:\/\/cnprsv.ro\/index.php?rest_route=\/wp\/v2\/pages\/3182"}],"wp:attachment":[{"href":"https:\/\/cnprsv.ro\/index.php?rest_route=%2Fwp%2Fv2%2Fmedia&parent=3184"}],"curies":[{"name":"wp","href":"https:\/\/api.w.org\/{rel}","templated":true}]}}

Universități

<h1>Oferta anului 2017</h1>
<h3>În România:</h3>
<h4> <a href="/documente/2017_martie_Scrisoare UB.pdf" target="_blank" rel="noopener">Universitatea din București &#8211; Zilele Porților Deschise</a></h4>
<h2></h2>
<p>&nbsp;</p>
<h1>Oferta anului 2016</h1>
<h2></h2>
<h2>În România:</h2>
<ul>
<li><a href="http://goo.gl/pBGEVi" target="_blank" rel="noopener">Geografia turismului în limba franceză, la Universitatea ”Al. I. Cuza” Iași</a></li>
<li><a href="documente/2016_mai_Colegiul_Juridic_franco-roman_de_studii_europene .zip" target="_blank" rel="noopener">Colegiul Juridic franco-român de studii europene </a></li>
</ul>
<p>&nbsp;</p>
<h1>Oferta anului 2015</h1>
<h2></h2>
<h2>În România:</h2>
<ul>
<li> <a href="documente/2015_aprilie_universitati_AF- ADM_iulie_2015_A3.pdf" target="_blank" rel="noopener">Universitatea Tehnică din Cluj-Napoca</a></li>
</ul>
<h2></h2>
<h2>În străinătate:</h2>
<ul>
<li><a href="https://cnprsv.ro/?page_id=5347" target="_blank" rel="noopener">Institutul Național de Științe Aplicate (INSA) din Lyon</a></li>
<li><a href="documente/2015_mai_invitation_salonetudesetcarriresdeltudiantfrancop.zip" target="_blank" rel="noopener">Salonul Studentului Francofon „Studii şi Cariere”</a></li>
</ul>
<p>&nbsp;</p>
<h1>Oferta anului 2014</h1>
<h2></h2>
<h2>În România:</h2>
<ul>
<li>Universitatea Tehnică de Construcții București, <a href="documente/2013_septembrie_Unviersitate_Constructii_Buc_Etudiez_le_Genie_civil_en_Roumanie.pdf">Facultatea de Inginerie în Limbi Străine</a></li>
<li>Locuri de muncă pentru absolvenții secțiilor francofone &#8211; <a href="http://www.franco-jobs.com/">http://www.franco-jobs.com</a></li>
<li><a href="http://www.ambafrance-ro.org/spip.php?article2869">Carte interactive de la coopération universitaire franco-roumaine</a></li>
<li>Cliquez sur l&#8217;image pour télécharger la nouvelle brochure de la Filière francophone de l&#8217;Université Politehnica de Bucarest. La Faculté d&#8217;ingénierie en langues étrangères (FILS) propose 3 licences et 4 masters francophones. Dans le cadre de l&#8217;orientation des lycéens, nous sommes à votre disposition pour organiser des présentations dans vos classes ainsi que des visites de l&#8217;Université.<br />
Plus ancienne école d&#8217;ingénieurs du pays, l&#8217;Université Politehnica de Bucarest est au premier rang des universités roumaines en termes d&#8217;échanges francophones, elle offre de nombreux cursus, stages et bourses permettant aux lycéens de poursuivre leurs études dans des filières de choix et dans des parcours multilingues. (<a href="http://www.vizavi-edu.ro/">www.vizavi-edu.ro</a>)<br />
Contact: Aymeric Jeudy &#8211; Lecteur de français &#8211; aymeric.jeudy@institutfrancais-roumanie.com</li>
<li>Universitatea din Oradea, <a href="http://www.ingmediuoradea.ro" target="_blank" rel="noopener">Facultatea de Protecţia Mediului</a> (<a href="documente/2014_mai_oferta_educationala_Oradea_Facultatea_de_Protectia_Mediului.pdf" target="_blank" rel="noopener">prezentare</a>)</li>
<li>Oferta educațională a Facultății de drept din cadrul Universității București și a Colegiului juridic franco-roman (<a href="https://cnprsv.ro/wp-content/uploads/2013/02/scan108.jpg" target="_blank" rel="noopener" rel="lightbox[3184]">pg. 1</a>, <a href="https://cnprsv.ro/wp-content/uploads/2013/02/scan109.jpg" target="_blank" rel="noopener" rel="lightbox[3184]">pg. 2</a>)</li>
</ul>
<h2></h2>
<p>&nbsp;</p>
<h1>Oferta anului 2013</h1>
<h2></h2>
<h2>În România:</h2>
<ul>
<li>Universitatea „Ștefan cel Mare” Suceava
<ul>
<li><a href="documente/2013_februarie_Geografie_la_SUCEAVA.pdf">Facultatea de Geografie</a></li>
<li>Facultatea de Inginerie Mecanică, Mecatronică și Management (<a href="documente/2013_martie_afis_FIM.jpg" rel="lightbox[3184]">afiș</a>, <a href="documente/2013_martie_Presentation_FIM.png" rel="lightbox[3184]">prezentare</a>, <a href="documente/2013_martie_Oferta_FIM.pdf">ofertă</a>)</li>
</ul>
</li>
<li>Universitatea Tehnică din Cluj-Napoca
<ul>
<li><a href="documente/2013_februarie_Anunt_program_saptamana_portilor_deschise_UTCN.pdf">Program Săptămâna porților deschise</a></li>
<li><a href="documente/2013_februarie_afis_O_Cariera_in_Inginerie_UTCN_2013.pdf">Sesiunea științifică „O carieră în inginerie”</a></li>
<li><a href="documente/2013_februarie_afis_cursuri_matematica_UTCN_2013.pdf">Curs de pregătire la matematică pentru elevi</a></li>
<li><a href="documente/2013_februarie_afis_curs_pregatire_Arhitectura_UTCN_2013.pdf">Curs de pregătire pentru admiterea la arhitectură</a></li>
<li><a href="documente/2013_februarie_afis_concurs_electrotehniada_UTCN_2013.pdf">Concursul electrotehniada</a></li>
<li><a href="documente/2013_februarie_afis_cerc_programare_la UTCN_elevi_2013.pdf">Cerc de programare destinat elevilor de liceu</a></li>
</ul>
</li>
<li><a href="documente/2013_februarie_filieres_universitaires_francophones.pdf">Filierele francofone universitare din România</a> (<a href="documente/2013_februarie_BrochureFUF18mai.pdf">Broșura FUF</a>, <a href="documente/2013_martie_Les_filieres_francophones_AFIS.pdf">Afiș FUF</a>)</li>
<li>Universitatea Babeș-Bolyai Cluj-Napoca
<ul>
<li>Facultatea de Biologie și Geoglogie (pliant <a href="documente/2013_februarie_universitatea_babes_biologie_geologie_pliant_fata.jpg" rel="lightbox[3184]">exterior</a> și <a href="documente/2013_februarie_universitatea_babes_biologie_geologie_pliant_spate.jpg" rel="lightbox[3184]">interior</a>)</li>
<li>Facultatea de Business (pliant <a href="documente/2013_martie_facultatea_business_exterior.jpg" rel="lightbox[3184]">exterior</a> și <a href="documente/2013_martie_facultatea_business_interior.jpg" rel="lightbox[3184]">interior</a>)</li>
<li>Faculte des sciences economiques et gestion des affaires &#8211; Filiere francophone (<a href="documente/2013_aprilie_Faculte_des_sciences_economiques_et_gestion_des_affaires_Filiere_francophone_pg1.jpg" rel="lightbox[3184]">pagina 1</a> și <a href="documente/2013_aprilie_Faculte_des_sciences_economiques_et_gestion_des_affaires_Filiere_francophone_pg2.jpg" rel="lightbox[3184]">pagina 2</a>)</li>
</ul>
</li>
<li>Universitatea de medicină și farmacie „Gr. T. Popa” Iași &#8211; <a href="documente/2013_martie_simulare_Universitatea_medicina_Popa_iasi.jpg" rel="lightbox[3184]">simulare admitere</a></li>
<li>Facultatea de constucții și instalații Iași (<a href="documente/2013_martie_Admitere_ASAFCI.pdf">prezentare</a>)</li>
<li>Universitatea Agronomică din Iași (<a href="documente/2013_martie_USAM_Prezentare_admitere_2013.pdf">prezentare</a>, <a href="documente/2013_martie_USAM_Reportaj_Pro_TV_3D.flv">reportaj</a>, <a href="documente/2013_martie_USAMV_centenar_TurVirtual_HD.flv">tur virtual</a>)</li>
<li>Universitatea din Oradea, Facultatea de Protecţia Mediului, <a href="documente/2013_aprilie_departamentul_ingineria_mediului.pdf">Departamentul Ingineria Mediului</a></li>
</ul>
<h2></h2>
<h2>În străinătate:</h2>
<ul>
<li>Universitatea Reutlingen Germania &#8211; ESB Business School
<ul>
<li><a href="documente/2013_februarie_ESB1.jpg" rel="lightbox[3184]">Invitație</a></li>
<li>Pliant (<a href="documente/2013_februarie_ESB2.jpg" rel="lightbox[3184]">part. 1</a>, <a href="documente/2013_februarie_ESB3.jpg" rel="lightbox[3184]">part. 2</a>, <a href="documente/2013_februarie_ESB4.jpg" rel="lightbox[3184]">part. 3</a>, <a href="documente/2013_februarie_ESB5.jpg" rel="lightbox[3184]">part. 4</a>)</li>
</ul>
</li>
<li>SciencesPo, studii universitare în Franța, orașele Paris, Nancy, Le Havre, Dijon, Poitiers, Riems, Poitiers, Menton, în domeniile: științe politice, comunicare, jurnalism, economie etc.
<ul>
<li><a href="documente/2013_martie_BROCHURES.rar">Broșuri</a></li>
<li><a href="documente/2013_martie_A_propos_de_Sciences_Po.rar">Informații</a></li>
</ul>
</li>
</ul>
<p>&nbsp;</p>
<p>&nbsp;</p>
<p>&nbsp;</p>

<p>Oferta anului 2017 În România:  Universitatea din București &#8211; Zilele Porților Deschise &nbsp; Oferta anului 2016 În România: Geografia turismului în limba franceză, la Universitatea ”Al. I. Cuza” Iași Colegiul Juridic franco-român de studii europene &nbsp; Oferta anului 2015 În</p>
<div class="entry-read-more"><a class="read-more-link" href="https://cnprsv.ro/?page_id=3184">Read More<span class="cleanwp-sr-only">  Universități</span></a></div>
