{"id":49,"date":"2011-03-23T11:56:42","date_gmt":"2011-03-23T11:56:42","guid":{"rendered":"http:\/\/cnprsv.ro\/?page_id=49"},"modified":"2024-10-11T15:37:36","modified_gmt":"2024-10-11T13:37:36","slug":"examene","status":"publish","type":"page","link":"https:\/\/cnprsv.ro\/?page_id=49","title":{"rendered":"Examene"},"content":{"rendered":"<p>&nbsp;<\/p>\n<p>V\u0103 rug\u0103m s\u0103 alege\u0163i una din aceste op\u0163iuni:<\/p>\n<p style=\"padding-left: 30px;\"><a href=\"https:\/\/cnprsv.ro\/?page_id=281\">Admitere<\/a><\/p>\n<p style=\"padding-left: 30px;\"><a href=\"https:\/\/cnprsv.ro\/?page_id=152\">Bacalaureat<\/a><\/p>\n<p style=\"padding-left: 30px;\"><a href=\"https:\/\/cnprsv.ro\/?page_id=621\">Bacalaureat francofon<\/a><\/p>\n<p style=\"padding-left: 30px;\"><a href=\"https:\/\/cnprsv.ro\/?page_id=149\">Evaluare na\u0163ional\u0103<\/a><\/p>\n<p style=\"padding-left: 30px;\"><a href=\"https:\/\/cnprsv.ro\/?page_id=158\">Atestat englez\u0103<\/a><\/p>\n<p style=\"padding-left: 30px;\"><a href=\"https:\/\/cnprsv.ro\/?page_id=161\">Atestat francez\u0103<\/a><\/p>\n<p style=\"padding-left: 30px;\"><a href=\"https:\/\/cnprsv.ro\/?page_id=164\">Atestat german\u0103<\/a><\/p>\n<p style=\"padding-left: 30px;\"><a href=\"https:\/\/cnprsv.ro\/?page_id=155\">Atestat informatic\u0103<\/a><\/p>\n<p style=\"padding-left: 30px;\"><a href=\"https:\/\/cnprsv.ro\/?page_id=173\">Cambridge<\/a><\/p>\n<p style=\"padding-left: 30px;\"><a href=\"https:\/\/cnprsv.ro\/?page_id=170\">DELF<\/a><\/p>\n<p style=\"padding-left: 30px;\"><a href=\"https:\/\/cnprsv.ro\/?page_id=167\">Sprachdiplom<\/a><\/p>\n<p style=\"padding-left: 30px;\"><a href=\"https:\/\/cnprsv.ro\/?page_id=167\">ECDL<\/a><\/p>\n<p>&nbsp;<\/p>\n","protected":false},"excerpt":{"rendered":"<p>&nbsp; V\u0103 rug\u0103m s\u0103 alege\u0163i una din aceste op\u0163iuni: Admitere Bacalaureat Bacalaureat francofon Evaluare na\u0163ional\u0103 Atestat englez\u0103 Atestat francez\u0103 Atestat german\u0103 Atestat informatic\u0103 Cambridge DELF Sprachdiplom ECDL &nbsp;<\/p>\n","protected":false},"author":1,"featured_media":0,"parent":0,"menu_order":4,"comment_status":"closed","ping_status":"closed","template":"","meta":{"_editorskit_title_hidden":false,"_editorskit_reading_time":0,"_editorskit_is_block_options_detached":false,"_editorskit_block_options_position":"{}","footnotes":""},"class_list":["post-49","page","type-page","status-publish","hentry"],"_links":{"self":[{"href":"https:\/\/cnprsv.ro\/index.php?rest_route=\/wp\/v2\/pages\/49","targetHints":{"allow":["GET"]}}],"collection":[{"href":"https:\/\/cnprsv.ro\/index.php?rest_route=\/wp\/v2\/pages"}],"about":[{"href":"https:\/\/cnprsv.ro\/index.php?rest_route=\/wp\/v2\/types\/page"}],"author":[{"embeddable":true,"href":"https:\/\/cnprsv.ro\/index.php?rest_route=\/wp\/v2\/users\/1"}],"replies":[{"embeddable":true,"href":"https:\/\/cnprsv.ro\/index.php?rest_route=%2Fwp%2Fv2%2Fcomments&post=49"}],"version-history":[{"count":2,"href":"https:\/\/cnprsv.ro\/index.php?rest_route=\/wp\/v2\/pages\/49\/revisions"}],"predecessor-version":[{"id":8858,"href":"https:\/\/cnprsv.ro\/index.php?rest_route=\/wp\/v2\/pages\/49\/revisions\/8858"}],"wp:attachment":[{"href":"https:\/\/cnprsv.ro\/index.php?rest_route=%2Fwp%2Fv2%2Fmedia&parent=49"}],"curies":[{"name":"wp","href":"https:\/\/api.w.org\/{rel}","templated":true}]}}