{"id":5609,"date":"2015-04-17T15:43:40","date_gmt":"2015-04-17T13:43:40","guid":{"rendered":"http:\/\/cnprsv.ro\/?page_id=5609"},"modified":"2024-10-11T15:37:36","modified_gmt":"2024-10-11T13:37:36","slug":"diploma-de-excelenta-academica","status":"publish","type":"page","link":"https:\/\/cnprsv.ro\/?page_id=5609","title":{"rendered":"Diploma de excelen\u021b\u0103 academic\u0103"},"content":{"rendered":"<p>Diploma de Excelen\u021b\u0103 Academic\u0103 se acord\u0103, anual, absolventului sau absolven\u021bilor clasei a VIII-a sau a XII-a care au ob\u021binut, \u00een decursul celor patru ani de gimnaziu sau liceu, distinc\u021bii la olimpiadele \u0219i concursurile interna\u021bionale. Este o r\u0103splat\u0103 a \u00eenaltei performan\u021be \u0219colare, un semn de recuno\u0219tin\u021b\u0103 pentru contribu\u021bia adus\u0103 la dezvoltarea imaginii \u0219i renumelui \u0219colii. A fost acordat\u0103 pentru prima dat\u0103 \u00een anul 2013.<\/p>\n<p>&nbsp;<\/p>\n<p>Lista elevilor premia\u021bi cu Diploma de Excelen\u021b\u0103 Academic\u0103:<\/p>\n<p>&nbsp;<\/p>\n<table cellspacing=\"0\" cellpadding=\"0\">\n<tbody>\n<tr>\n<td width=\"210\"><img loading=\"lazy\" decoding=\"async\" class=\"aligncenter size-full wp-image-2481\" title=\"leizeiriuc\" alt=\"\" src=\"https:\/\/cnprsv.ro\/wp-content\/uploads\/2012\/06\/leizeiriuc.jpg\" width=\"147\" height=\"147\" srcset=\"https:\/\/cnprsv.ro\/wp-content\/uploads\/2012\/06\/leizeiriuc.jpg 492w, https:\/\/cnprsv.ro\/wp-content\/uploads\/2012\/06\/leizeiriuc-150x150.jpg 150w, https:\/\/cnprsv.ro\/wp-content\/uploads\/2012\/06\/leizeiriuc-298x300.jpg 298w\" sizes=\"auto, (max-width: 147px) 100vw, 147px\" \/><\/td>\n<td width=\"210\">\n<h2>Adnana Maria Leizeriuc<\/h2>\n<p>Clasa a XII-a &#8211; 2013<\/p>\n<p>Medalia de Argint la Olimpiada Interna\u021bional\u0103 Pluridisciplinar\u0103 Tuymaada (chimie)<\/p>\n<p>Prof. \u00eendrum\u0103tor Dana Capbun<\/td>\n<td width=\"210\"><img loading=\"lazy\" decoding=\"async\" class=\"aligncenter size-full wp-image-5610\" alt=\"DIPLOMA_EXCELENTA_ACADEMICA_Leizeriuc_Adnana_2013\" src=\"https:\/\/cnprsv.ro\/wp-content\/uploads\/2015\/04\/DIPLOMA_EXCELENTA_ACADEMICA_Leizeriuc_Adnana_2013.jpg\" width=\"148\" height=\"196\" srcset=\"https:\/\/cnprsv.ro\/wp-content\/uploads\/2015\/04\/DIPLOMA_EXCELENTA_ACADEMICA_Leizeriuc_Adnana_2013.jpg 813w, https:\/\/cnprsv.ro\/wp-content\/uploads\/2015\/04\/DIPLOMA_EXCELENTA_ACADEMICA_Leizeriuc_Adnana_2013-225x300.jpg 225w, https:\/\/cnprsv.ro\/wp-content\/uploads\/2015\/04\/DIPLOMA_EXCELENTA_ACADEMICA_Leizeriuc_Adnana_2013-768x1024.jpg 768w\" sizes=\"auto, (max-width: 148px) 100vw, 148px\" \/><\/td>\n<\/tr>\n<tr>\n<td width=\"210\"><img loading=\"lazy\" decoding=\"async\" class=\" wp-image-3535 aligncenter\" title=\"poza Iasmina\" alt=\"\" src=\"https:\/\/cnprsv.ro\/wp-content\/uploads\/2011\/03\/poza-Iasmina.jpg\" width=\"135\" height=\"182\" srcset=\"https:\/\/cnprsv.ro\/wp-content\/uploads\/2011\/03\/poza-Iasmina.jpg 300w, https:\/\/cnprsv.ro\/wp-content\/uploads\/2011\/03\/poza-Iasmina-221x300.jpg 221w\" sizes=\"auto, (max-width: 135px) 100vw, 135px\" \/><\/td>\n<td width=\"210\">\n<h2>Iasmina Maria R\u0103ceanu<\/h2>\n<p>Clasa a VIII-a &#8211; 2013<\/p>\n<p>Premiul III la Olimpiada Interna\u021bional\u0103 de Limb\u0103, Comunicare \u0219i Literatur\u0103 Rom\u00e2n\u0103<\/p>\n<p>Prof. \u00eendrum\u0103tor Gabriela Ilisei<\/td>\n<td width=\"210\"><img loading=\"lazy\" decoding=\"async\" class=\"aligncenter size-full wp-image-5611\" alt=\"DIPLOMA_EXCELENTA_ACADEMICA_Raceanu_Iasmina_2013\" src=\"https:\/\/cnprsv.ro\/wp-content\/uploads\/2015\/04\/DIPLOMA_EXCELENTA_ACADEMICA_Raceanu_Iasmina_2013.jpg\" width=\"148\" height=\"196\" srcset=\"https:\/\/cnprsv.ro\/wp-content\/uploads\/2015\/04\/DIPLOMA_EXCELENTA_ACADEMICA_Raceanu_Iasmina_2013.jpg 813w, https:\/\/cnprsv.ro\/wp-content\/uploads\/2015\/04\/DIPLOMA_EXCELENTA_ACADEMICA_Raceanu_Iasmina_2013-225x300.jpg 225w, https:\/\/cnprsv.ro\/wp-content\/uploads\/2015\/04\/DIPLOMA_EXCELENTA_ACADEMICA_Raceanu_Iasmina_2013-768x1024.jpg 768w\" sizes=\"auto, (max-width: 148px) 100vw, 148px\" \/><\/td>\n<\/tr>\n<\/tbody>\n<\/table>\n<p>&nbsp;<\/p>\n<p>&nbsp;<\/p>\n<p>&nbsp;<\/p>\n<p>&nbsp;<\/p>\n","protected":false},"excerpt":{"rendered":"<p>Diploma de Excelen\u021b\u0103 Academic\u0103 se acord\u0103, anual, absolventului sau absolven\u021bilor clasei a VIII-a sau a XII-a care au ob\u021binut, \u00een decursul celor patru ani de gimnaziu sau liceu, distinc\u021bii la olimpiadele \u0219i concursurile interna\u021bionale. Este o r\u0103splat\u0103 a \u00eenaltei performan\u021be<\/p>\n<div class=\"entry-read-more\"><a class=\"read-more-link\" href=\"https:\/\/cnprsv.ro\/?page_id=5609\">Read More<span class=\"cleanwp-sr-only\">  Diploma de excelen\u021b\u0103 academic\u0103<\/span><\/a><\/div>\n","protected":false},"author":1,"featured_media":0,"parent":51,"menu_order":0,"comment_status":"closed","ping_status":"open","template":"","meta":{"_editorskit_title_hidden":false,"_editorskit_reading_time":0,"_editorskit_is_block_options_detached":false,"_editorskit_block_options_position":"{}","footnotes":""},"class_list":["post-5609","page","type-page","status-publish","hentry"],"_links":{"self":[{"href":"https:\/\/cnprsv.ro\/index.php?rest_route=\/wp\/v2\/pages\/5609","targetHints":{"allow":["GET"]}}],"collection":[{"href":"https:\/\/cnprsv.ro\/index.php?rest_route=\/wp\/v2\/pages"}],"about":[{"href":"https:\/\/cnprsv.ro\/index.php?rest_route=\/wp\/v2\/types\/page"}],"author":[{"embeddable":true,"href":"https:\/\/cnprsv.ro\/index.php?rest_route=\/wp\/v2\/users\/1"}],"replies":[{"embeddable":true,"href":"https:\/\/cnprsv.ro\/index.php?rest_route=%2Fwp%2Fv2%2Fcomments&post=5609"}],"version-history":[{"count":2,"href":"https:\/\/cnprsv.ro\/index.php?rest_route=\/wp\/v2\/pages\/5609\/revisions"}],"predecessor-version":[{"id":5615,"href":"https:\/\/cnprsv.ro\/index.php?rest_route=\/wp\/v2\/pages\/5609\/revisions\/5615"}],"up":[{"embeddable":true,"href":"https:\/\/cnprsv.ro\/index.php?rest_route=\/wp\/v2\/pages\/51"}],"wp:attachment":[{"href":"https:\/\/cnprsv.ro\/index.php?rest_route=%2Fwp%2Fv2%2Fmedia&parent=5609"}],"curies":[{"name":"wp","href":"https:\/\/api.w.org\/{rel}","templated":true}]}}

Diploma de excelență academică

<p>Diploma de Excelență Academică se acordă, anual, absolventului sau absolvenților clasei a VIII-a sau a XII-a care au obținut, în decursul celor patru ani de gimnaziu sau liceu, distincții la olimpiadele și concursurile internaționale. Este o răsplată a înaltei performanțe școlare, un semn de recunoștință pentru contribuția adusă la dezvoltarea imaginii și renumelui școlii. A fost acordată pentru prima dată în anul 2013.</p>
<p>&nbsp;</p>
<p>Lista elevilor premiați cu Diploma de Excelență Academică:</p>
<p>&nbsp;</p>
<table cellspacing="0" cellpadding="0">
<tbody>
<tr>
<td width="210"><img loading="lazy" decoding="async" class="aligncenter size-full wp-image-2481" title="leizeiriuc" alt="" src="https://cnprsv.ro/wp-content/uploads/2012/06/leizeiriuc.jpg" width="147" height="147" srcset="https://cnprsv.ro/wp-content/uploads/2012/06/leizeiriuc.jpg 492w, https://cnprsv.ro/wp-content/uploads/2012/06/leizeiriuc-150x150.jpg 150w, https://cnprsv.ro/wp-content/uploads/2012/06/leizeiriuc-298x300.jpg 298w" sizes="auto, (max-width: 147px) 100vw, 147px" /></td>
<td width="210">
<h2>Adnana Maria Leizeriuc</h2>
<p>Clasa a XII-a &#8211; 2013</p>
<p>Medalia de Argint la Olimpiada Internațională Pluridisciplinară Tuymaada (chimie)</p>
<p>Prof. îndrumător Dana Capbun</td>
<td width="210"><img loading="lazy" decoding="async" class="aligncenter size-full wp-image-5610" alt="DIPLOMA_EXCELENTA_ACADEMICA_Leizeriuc_Adnana_2013" src="https://cnprsv.ro/wp-content/uploads/2015/04/DIPLOMA_EXCELENTA_ACADEMICA_Leizeriuc_Adnana_2013.jpg" width="148" height="196" srcset="https://cnprsv.ro/wp-content/uploads/2015/04/DIPLOMA_EXCELENTA_ACADEMICA_Leizeriuc_Adnana_2013.jpg 813w, https://cnprsv.ro/wp-content/uploads/2015/04/DIPLOMA_EXCELENTA_ACADEMICA_Leizeriuc_Adnana_2013-225x300.jpg 225w, https://cnprsv.ro/wp-content/uploads/2015/04/DIPLOMA_EXCELENTA_ACADEMICA_Leizeriuc_Adnana_2013-768x1024.jpg 768w" sizes="auto, (max-width: 148px) 100vw, 148px" /></td>
</tr>
<tr>
<td width="210"><img loading="lazy" decoding="async" class=" wp-image-3535 aligncenter" title="poza Iasmina" alt="" src="https://cnprsv.ro/wp-content/uploads/2011/03/poza-Iasmina.jpg" width="135" height="182" srcset="https://cnprsv.ro/wp-content/uploads/2011/03/poza-Iasmina.jpg 300w, https://cnprsv.ro/wp-content/uploads/2011/03/poza-Iasmina-221x300.jpg 221w" sizes="auto, (max-width: 135px) 100vw, 135px" /></td>
<td width="210">
<h2>Iasmina Maria Răceanu</h2>
<p>Clasa a VIII-a &#8211; 2013</p>
<p>Premiul III la Olimpiada Internațională de Limbă, Comunicare și Literatură Română</p>
<p>Prof. îndrumător Gabriela Ilisei</td>
<td width="210"><img loading="lazy" decoding="async" class="aligncenter size-full wp-image-5611" alt="DIPLOMA_EXCELENTA_ACADEMICA_Raceanu_Iasmina_2013" src="https://cnprsv.ro/wp-content/uploads/2015/04/DIPLOMA_EXCELENTA_ACADEMICA_Raceanu_Iasmina_2013.jpg" width="148" height="196" srcset="https://cnprsv.ro/wp-content/uploads/2015/04/DIPLOMA_EXCELENTA_ACADEMICA_Raceanu_Iasmina_2013.jpg 813w, https://cnprsv.ro/wp-content/uploads/2015/04/DIPLOMA_EXCELENTA_ACADEMICA_Raceanu_Iasmina_2013-225x300.jpg 225w, https://cnprsv.ro/wp-content/uploads/2015/04/DIPLOMA_EXCELENTA_ACADEMICA_Raceanu_Iasmina_2013-768x1024.jpg 768w" sizes="auto, (max-width: 148px) 100vw, 148px" /></td>
</tr>
</tbody>
</table>
<p>&nbsp;</p>
<p>&nbsp;</p>
<p>&nbsp;</p>
<p>&nbsp;</p>

<p>Diploma de Excelență Academică se acordă, anual, absolventului sau absolvenților clasei a VIII-a sau a XII-a care au obținut, în decursul celor patru ani de gimnaziu sau liceu, distincții la olimpiadele și concursurile internaționale. Este o răsplată a înaltei performanțe</p>
<div class="entry-read-more"><a class="read-more-link" href="https://cnprsv.ro/?page_id=5609">Read More<span class="cleanwp-sr-only">  Diploma de excelență academică</span></a></div>
