{"id":7884,"date":"2017-06-08T17:31:49","date_gmt":"2017-06-08T15:31:49","guid":{"rendered":"http:\/\/cnprsv.ro\/?page_id=7884"},"modified":"2024-10-11T15:37:37","modified_gmt":"2024-10-11T13:37:37","slug":"lucrari","status":"publish","type":"page","link":"https:\/\/cnprsv.ro\/?page_id=7884","title":{"rendered":"Lucr\u0103ri de repara\u021bii generale \u0219i renovare b\u0103i"},"content":{"rendered":"<p><a href=\"\/documente\/Raspuns la cererile de clarificari.pdf\" target=\"_blank\" rel=\"noopener\">Raspuns la cereri de clarificari<\/a><\/p>\n<p><a href=\"\/documente\/Invitatie PRIVIND ACHIZITIA DIRECTA.pdf\" target=\"_blank\" rel=\"noopener\">Invita\u021bie PRIVIND ACHIZI\u021aIA DIRECT\u0102<\/a><\/p>\n<p><a href=\"\/documente\/Caiet de sarcini reparatii bai.pdf\" target=\"_blank\" rel=\"noopener\">Caiet de sarcini repara\u021bii b\u0103i<\/a><\/p>\n<p><a href=\"\/documente\/Model CONTRACT DE LUCRARI bai.pdf\" target=\"_blank\" rel=\"noopener\">Model CONTRACT DE LUCR\u0102RI b\u0103i<\/a><\/p>\n<p>&nbsp;<\/p>\n<p>&nbsp;<\/p>\n","protected":false},"excerpt":{"rendered":"<p>Raspuns la cereri de clarificari Invita\u021bie PRIVIND ACHIZI\u021aIA DIRECT\u0102 Caiet de sarcini repara\u021bii b\u0103i Model CONTRACT DE LUCR\u0102RI b\u0103i &nbsp; &nbsp;<\/p>\n","protected":false},"author":1,"featured_media":0,"parent":7873,"menu_order":0,"comment_status":"closed","ping_status":"closed","template":"","meta":{"_editorskit_title_hidden":false,"_editorskit_reading_time":0,"_editorskit_is_block_options_detached":false,"_editorskit_block_options_position":"{}","footnotes":""},"class_list":["post-7884","page","type-page","status-publish","hentry"],"_links":{"self":[{"href":"https:\/\/cnprsv.ro\/index.php?rest_route=\/wp\/v2\/pages\/7884","targetHints":{"allow":["GET"]}}],"collection":[{"href":"https:\/\/cnprsv.ro\/index.php?rest_route=\/wp\/v2\/pages"}],"about":[{"href":"https:\/\/cnprsv.ro\/index.php?rest_route=\/wp\/v2\/types\/page"}],"author":[{"embeddable":true,"href":"https:\/\/cnprsv.ro\/index.php?rest_route=\/wp\/v2\/users\/1"}],"replies":[{"embeddable":true,"href":"https:\/\/cnprsv.ro\/index.php?rest_route=%2Fwp%2Fv2%2Fcomments&post=7884"}],"version-history":[{"count":3,"href":"https:\/\/cnprsv.ro\/index.php?rest_route=\/wp\/v2\/pages\/7884\/revisions"}],"predecessor-version":[{"id":11651,"href":"https:\/\/cnprsv.ro\/index.php?rest_route=\/wp\/v2\/pages\/7884\/revisions\/11651"}],"up":[{"embeddable":true,"href":"https:\/\/cnprsv.ro\/index.php?rest_route=\/wp\/v2\/pages\/7873"}],"wp:attachment":[{"href":"https:\/\/cnprsv.ro\/index.php?rest_route=%2Fwp%2Fv2%2Fmedia&parent=7884"}],"curies":[{"name":"wp","href":"https:\/\/api.w.org\/{rel}","templated":true}]}}