{"id":8855,"date":"2018-05-01T12:06:16","date_gmt":"2018-05-01T10:06:16","guid":{"rendered":"http:\/\/cnprsv.ro\/?page_id=8855"},"modified":"2024-10-11T15:37:36","modified_gmt":"2024-10-11T13:37:36","slug":"transfer-elevi","status":"publish","type":"page","link":"https:\/\/cnprsv.ro\/?page_id=8855","title":{"rendered":"Transfer elevi"},"content":{"rendered":"<p><strong><a href=\"https:\/\/cnprsv.ro\/wp-content\/uploads\/2024\/07\/EXTRAS-DIN-PROCEDURA-DE-TRANSFER-A-ELEVILOR-LA-CNPR.pdf\">Extras din procedura de transfer a elevilor la CNPR \u0219i \u00eentre clasele CNPR<\/a><\/strong><\/p>\n<p>Procedura de mai sus este valabil\u0103 p\u00e2n\u0103 la intrarea \u00een vigoare a noului ROFUIP.<\/p>\n<p>Pentru anul \u0219colar 2024 &#8211; 2025, data limit\u0103 de depunere a cererilor de transfer la secretariatul colegiului este luni, 15 iulie 2024, ora 15. Informa\u021bii suplimentare la telefon 0230520822.<\/p>\n<p>&nbsp;<\/p>\n","protected":false},"excerpt":{"rendered":"<p>Extras din procedura de transfer a elevilor la CNPR \u0219i \u00eentre clasele CNPR Procedura de mai sus este valabil\u0103 p\u00e2n\u0103 la intrarea \u00een vigoare a noului ROFUIP. Pentru anul \u0219colar 2024 &#8211; 2025, data limit\u0103 de depunere a cererilor de<\/p>\n<div class=\"entry-read-more\"><a class=\"read-more-link\" href=\"https:\/\/cnprsv.ro\/?page_id=8855\">Read More<span class=\"cleanwp-sr-only\">  Transfer elevi<\/span><\/a><\/div>\n","protected":false},"author":1,"featured_media":0,"parent":49,"menu_order":5,"comment_status":"closed","ping_status":"closed","template":"","meta":{"_editorskit_title_hidden":false,"_editorskit_reading_time":0,"_editorskit_is_block_options_detached":false,"_editorskit_block_options_position":"{}","footnotes":""},"class_list":["post-8855","page","type-page","status-publish","hentry"],"_links":{"self":[{"href":"https:\/\/cnprsv.ro\/index.php?rest_route=\/wp\/v2\/pages\/8855","targetHints":{"allow":["GET"]}}],"collection":[{"href":"https:\/\/cnprsv.ro\/index.php?rest_route=\/wp\/v2\/pages"}],"about":[{"href":"https:\/\/cnprsv.ro\/index.php?rest_route=\/wp\/v2\/types\/page"}],"author":[{"embeddable":true,"href":"https:\/\/cnprsv.ro\/index.php?rest_route=\/wp\/v2\/users\/1"}],"replies":[{"embeddable":true,"href":"https:\/\/cnprsv.ro\/index.php?rest_route=%2Fwp%2Fv2%2Fcomments&post=8855"}],"version-history":[{"count":9,"href":"https:\/\/cnprsv.ro\/index.php?rest_route=\/wp\/v2\/pages\/8855\/revisions"}],"predecessor-version":[{"id":11155,"href":"https:\/\/cnprsv.ro\/index.php?rest_route=\/wp\/v2\/pages\/8855\/revisions\/11155"}],"up":[{"embeddable":true,"href":"https:\/\/cnprsv.ro\/index.php?rest_route=\/wp\/v2\/pages\/49"}],"wp:attachment":[{"href":"https:\/\/cnprsv.ro\/index.php?rest_route=%2Fwp%2Fv2%2Fmedia&parent=8855"}],"curies":[{"name":"wp","href":"https:\/\/api.w.org\/{rel}","templated":true}]}}