{"id":971,"date":"2011-05-20T15:11:06","date_gmt":"2011-05-20T15:11:06","guid":{"rendered":"http:\/\/cnprsv.ro\/?page_id=971"},"modified":"2024-10-11T15:37:36","modified_gmt":"2024-10-11T13:37:36","slug":"971-2","status":"publish","type":"page","link":"https:\/\/cnprsv.ro\/?page_id=971","title":{"rendered":"Diploma de onoare"},"content":{"rendered":"<p>Este cea mai \u00eenalt\u0103 distinc\u0163ie a Colegiului Na\u0163ional &#8222;Petru Rare\u015f&#8221; \u015fi se acord\u0103 unui singur elev din fiecare genera\u0163ie la sf\u00e2r\u015fitul clasei a XII-a. Alegerea se face prin vot secret al colegilor \u015fi profesorilor, iar c\u00e2\u015ftig\u0103torul se anun\u0163\u0103 la Cursul Festiv al claselor a XII-a.<\/p>\n<p><a href=\"https:\/\/cnprsv.ro\/wp-content\/uploads\/2011\/05\/Diploma_de_onoare_a_CNPR.jpg\" rel=\"lightbox[971]\"><img loading=\"lazy\" decoding=\"async\" class=\"aligncenter size-thumbnail wp-image-976\" title=\"Diploma_de_onoare_a_CNPR\" src=\"https:\/\/cnprsv.ro\/wp-content\/uploads\/2011\/05\/Diploma_de_onoare_a_CNPR-150x150.jpg\" alt=\"\" width=\"159\" height=\"159\" \/><\/a><\/p>\n<p>Distinc\u0163ie care va fi acordat\u0103 \u00een fiecare an unuia din absolven\u0163ii clasei a 12-a \u00een \u00eencercarea de a <strong>stimula \u015fi aprecia \u015fi alte calit\u0103\u0163i, \u00een afara celor strict academice, calit\u0103\u0163i pentru care sistemul nostru de \u00eenv\u0103\u0163\u0103m\u00e2nt nu prevede recompense speciale, dar care sunt at\u00e2t de necesare pentru un t\u00e2n\u0103r ce aspir\u0103 la o carier\u0103 de succes \u015fi o via\u0163\u0103 \u00eemplinit\u0103.<\/strong><\/p>\n<p>&nbsp;<\/p>\n<p>Textul care apare pe\u00a0 Diploma de Onoare\u00a0:<\/p>\n<p>DIPLOMA DE ONOARE\u00a0 se acord\u0103 elevului \/ elevei care, pe parcursul tuturor anilor de studiu s-a remarcat prin spirit altruist, creator, g\u00e2ndire pozitiv\u0103, perseveren\u0163\u0103, deschidere spre nou, umor \u015fi considera\u0163ie fa\u0163\u0103 de cei din jur, a c\u0103rui prezen\u0163\u0103 \u015fi activitate \u00een via\u0163a \u015fcolii ne onoreaz\u0103 \u015fi constituie un exemplu.<\/p>\n<p>&nbsp;<\/p>\n<h2 style=\"text-align: center;\"><span style=\"color: #ff6600;\">Absolven\u0163ii care au primit DIPLOMA DE ONOARE<\/span><\/h2>\n<p>&nbsp;<\/p>\n<p style=\"text-align: center;\"><a href=\"https:\/\/cnprsv.ro\/wp-content\/uploads\/2011\/05\/2016-Raluca-R\u00eembu-e1510328934213.jpg\" rel=\"lightbox[971]\"><img loading=\"lazy\" decoding=\"async\" class=\"size-full wp-image-8566 aligncenter\" src=\"https:\/\/cnprsv.ro\/wp-content\/uploads\/2011\/05\/2016-Raluca-R\u00eembu-e1510328934213.jpg\" alt=\"2016 Raluca R\u00eembu\" width=\"250\" height=\"397\" \/><\/a><\/p>\n<h3 style=\"text-align: center;\">2016 &#8211; <span style=\"color: #ff6600;\"><strong>Raluca R\u00eembu<\/strong><\/span><\/h3>\n<h4><\/h4>\n<p><a href=\"https:\/\/cnprsv.ro\/wp-content\/uploads\/2011\/05\/2014-Claudiu-Popescu-e1510329049961.jpg\" rel=\"lightbox[971]\"><img loading=\"lazy\" decoding=\"async\" class=\"size-full wp-image-8565 aligncenter\" src=\"https:\/\/cnprsv.ro\/wp-content\/uploads\/2011\/05\/2014-Claudiu-Popescu-e1510329049961.jpg\" alt=\"2014 Claudiu Popescu\" width=\"250\" height=\"265\" \/><\/a><\/p>\n<h3 style=\"text-align: center;\">2014 &#8211; <span style=\"color: #ff6600;\">Claudiu Popescu<\/span><\/h3>\n<p>&nbsp;<\/p>\n<p><a href=\"https:\/\/cnprsv.ro\/wp-content\/uploads\/2011\/05\/2013-Fodor-Iulian-e1510329092467.jpg\" rel=\"lightbox[971]\"><img loading=\"lazy\" decoding=\"async\" class=\"size-full wp-image-8564 aligncenter\" src=\"https:\/\/cnprsv.ro\/wp-content\/uploads\/2011\/05\/2013-Fodor-Iulian-e1510329092467.jpg\" alt=\"2013 Fodor Iulian\" width=\"250\" height=\"267\" \/><\/a><\/p>\n<h3 style=\"text-align: center;\">2013 &#8211;\u00a0<span style=\"color: #ff6600;\"><strong>Iulian Fodor<\/strong><\/span><\/h3>\n<p>&nbsp;<\/p>\n<p><a href=\"https:\/\/cnprsv.ro\/wp-content\/uploads\/2011\/05\/2012-Clara-Popadiuc-e1510329130831.jpg\" rel=\"lightbox[971]\"><img loading=\"lazy\" decoding=\"async\" class=\"size-full wp-image-8563 aligncenter\" src=\"https:\/\/cnprsv.ro\/wp-content\/uploads\/2011\/05\/2012-Clara-Popadiuc-e1510329130831.jpg\" alt=\"2012 Clara Popadiuc\" width=\"250\" height=\"250\" \/><\/a><\/p>\n<h3 style=\"text-align: center;\">2012 &#8211; <span style=\"color: #ff6600;\">Clara Popadiuc<\/span><\/h3>\n<p>&nbsp;<\/p>\n<p>&nbsp;<\/p>\n<p>&nbsp;<\/p>\n<p>&nbsp;<\/p>\n<p>&nbsp;<\/p>\n<p>&nbsp;<\/p>\n","protected":false},"excerpt":{"rendered":"<p>Este cea mai \u00eenalt\u0103 distinc\u0163ie a Colegiului Na\u0163ional &#8222;Petru Rare\u015f&#8221; \u015fi se acord\u0103 unui singur elev din fiecare genera\u0163ie la sf\u00e2r\u015fitul clasei a XII-a. Alegerea se face prin vot secret al colegilor \u015fi profesorilor, iar c\u00e2\u015ftig\u0103torul se anun\u0163\u0103 la Cursul<\/p>\n<div class=\"entry-read-more\"><a class=\"read-more-link\" href=\"https:\/\/cnprsv.ro\/?page_id=971\">Read More<span class=\"cleanwp-sr-only\">  Diploma de onoare<\/span><\/a><\/div>\n","protected":false},"author":1,"featured_media":0,"parent":51,"menu_order":20,"comment_status":"closed","ping_status":"open","template":"","meta":{"_editorskit_title_hidden":false,"_editorskit_reading_time":0,"_editorskit_is_block_options_detached":false,"_editorskit_block_options_position":"{}","footnotes":""},"class_list":["post-971","page","type-page","status-publish","hentry"],"_links":{"self":[{"href":"https:\/\/cnprsv.ro\/index.php?rest_route=\/wp\/v2\/pages\/971","targetHints":{"allow":["GET"]}}],"collection":[{"href":"https:\/\/cnprsv.ro\/index.php?rest_route=\/wp\/v2\/pages"}],"about":[{"href":"https:\/\/cnprsv.ro\/index.php?rest_route=\/wp\/v2\/types\/page"}],"author":[{"embeddable":true,"href":"https:\/\/cnprsv.ro\/index.php?rest_route=\/wp\/v2\/users\/1"}],"replies":[{"embeddable":true,"href":"https:\/\/cnprsv.ro\/index.php?rest_route=%2Fwp%2Fv2%2Fcomments&post=971"}],"version-history":[{"count":2,"href":"https:\/\/cnprsv.ro\/index.php?rest_route=\/wp\/v2\/pages\/971\/revisions"}],"predecessor-version":[{"id":8567,"href":"https:\/\/cnprsv.ro\/index.php?rest_route=\/wp\/v2\/pages\/971\/revisions\/8567"}],"up":[{"embeddable":true,"href":"https:\/\/cnprsv.ro\/index.php?rest_route=\/wp\/v2\/pages\/51"}],"wp:attachment":[{"href":"https:\/\/cnprsv.ro\/index.php?rest_route=%2Fwp%2Fv2%2Fmedia&parent=971"}],"curies":[{"name":"wp","href":"https:\/\/api.w.org\/{rel}","templated":true}]}}

<p>Este cea mai înaltă distincţie a Colegiului Naţional &#8222;Petru Rareş&#8221; şi se acordă unui singur elev din fiecare generaţie la sfârşitul clasei a XII-a. Alegerea se face prin vot secret al colegilor şi profesorilor, iar câştigătorul se anunţă la Cursul Festiv al claselor a XII-a.</p>
<p><a href="https://cnprsv.ro/wp-content/uploads/2011/05/Diploma_de_onoare_a_CNPR.jpg" rel="lightbox[971]"><img loading="lazy" decoding="async" class="aligncenter size-thumbnail wp-image-976" title="Diploma_de_onoare_a_CNPR" src="https://cnprsv.ro/wp-content/uploads/2011/05/Diploma_de_onoare_a_CNPR-150x150.jpg" alt="" width="159" height="159" /></a></p>
<p>Distincţie care va fi acordată în fiecare an unuia din absolvenţii clasei a 12-a în încercarea de a <strong>stimula şi aprecia şi alte calităţi, în afara celor strict academice, calităţi pentru care sistemul nostru de învăţământ nu prevede recompense speciale, dar care sunt atât de necesare pentru un tânăr ce aspiră la o carieră de succes şi o viaţă împlinită.</strong></p>
<p>&nbsp;</p>
<p>Textul care apare pe  Diploma de Onoare :</p>
<p>DIPLOMA DE ONOARE  se acordă elevului / elevei care, pe parcursul tuturor anilor de studiu s-a remarcat prin spirit altruist, creator, gândire pozitivă, perseverenţă, deschidere spre nou, umor şi consideraţie faţă de cei din jur, a cărui prezenţă şi activitate în viaţa şcolii ne onorează şi constituie un exemplu.</p>
<p>&nbsp;</p>
<h2 style="text-align: center;"><span style="color: #ff6600;">Absolvenţii care au primit DIPLOMA DE ONOARE</span></h2>
<p>&nbsp;</p>
<p style="text-align: center;"><a href="https://cnprsv.ro/wp-content/uploads/2011/05/2016-Raluca-Rîmbu-e1510328934213.jpg" rel="lightbox[971]"><img loading="lazy" decoding="async" class="size-full wp-image-8566 aligncenter" src="https://cnprsv.ro/wp-content/uploads/2011/05/2016-Raluca-Rîmbu-e1510328934213.jpg" alt="2016 Raluca Rîmbu" width="250" height="397" /></a></p>
<h3 style="text-align: center;">2016 &#8211; <span style="color: #ff6600;"><strong>Raluca Rîmbu</strong></span></h3>
<h4></h4>
<p><a href="https://cnprsv.ro/wp-content/uploads/2011/05/2014-Claudiu-Popescu-e1510329049961.jpg" rel="lightbox[971]"><img loading="lazy" decoding="async" class="size-full wp-image-8565 aligncenter" src="https://cnprsv.ro/wp-content/uploads/2011/05/2014-Claudiu-Popescu-e1510329049961.jpg" alt="2014 Claudiu Popescu" width="250" height="265" /></a></p>
<h3 style="text-align: center;">2014 &#8211; <span style="color: #ff6600;">Claudiu Popescu</span></h3>
<p>&nbsp;</p>
<p><a href="https://cnprsv.ro/wp-content/uploads/2011/05/2013-Fodor-Iulian-e1510329092467.jpg" rel="lightbox[971]"><img loading="lazy" decoding="async" class="size-full wp-image-8564 aligncenter" src="https://cnprsv.ro/wp-content/uploads/2011/05/2013-Fodor-Iulian-e1510329092467.jpg" alt="2013 Fodor Iulian" width="250" height="267" /></a></p>
<h3 style="text-align: center;">2013 &#8211; <span style="color: #ff6600;"><strong>Iulian Fodor</strong></span></h3>
<p>&nbsp;</p>
<p><a href="https://cnprsv.ro/wp-content/uploads/2011/05/2012-Clara-Popadiuc-e1510329130831.jpg" rel="lightbox[971]"><img loading="lazy" decoding="async" class="size-full wp-image-8563 aligncenter" src="https://cnprsv.ro/wp-content/uploads/2011/05/2012-Clara-Popadiuc-e1510329130831.jpg" alt="2012 Clara Popadiuc" width="250" height="250" /></a></p>
<h3 style="text-align: center;">2012 &#8211; <span style="color: #ff6600;">Clara Popadiuc</span></h3>
<p>&nbsp;</p>
<p>&nbsp;</p>
<p>&nbsp;</p>
<p>&nbsp;</p>
<p>&nbsp;</p>
<p>&nbsp;</p>

<p>Este cea mai înaltă distincţie a Colegiului Naţional &#8222;Petru Rareş&#8221; şi se acordă unui singur elev din fiecare generaţie la sfârşitul clasei a XII-a. Alegerea se face prin vot secret al colegilor şi profesorilor, iar câştigătorul se anunţă la Cursul</p>
<div class="entry-read-more"><a class="read-more-link" href="https://cnprsv.ro/?page_id=971">Read More<span class="cleanwp-sr-only">  Diploma de onoare</span></a></div>
