{"id":9974,"date":"2022-11-03T11:51:00","date_gmt":"2022-11-03T09:51:00","guid":{"rendered":"https:\/\/cnprsv.ro\/?page_id=9974"},"modified":"2024-10-11T15:37:34","modified_gmt":"2024-10-11T13:37:34","slug":"anunt-concurs-post-vacant-informatician-24-25-noiembrie-2022","status":"publish","type":"page","link":"https:\/\/cnprsv.ro\/?page_id=9974","title":{"rendered":"Anun\u021b concurs post vacant informatician 24-25 noiembrie 2022"},"content":{"rendered":"\n<p>&nbsp;&nbsp;&nbsp;&nbsp;&nbsp;&nbsp;&nbsp;&nbsp; Colegiul Na\u0163ional \u201dPetru Rare\u015f\u201d cu sediul \u00een Suceava, str. Mihai Viteazu nr. 24, jude\u021bul Suceava organizeaz\u0103 concurs, pentru ocuparea urm\u0103torului post contractual, aprobat prin H.G. 286\/2011, modificat\u0103 \u0219i completat\u0103 de &nbsp;H.G. 1027\/2014.<\/p>\n\n\n\n<ul class=\"wp-block-list\"><li>Denumirea postului:<strong> informatician<\/strong> -1 post contractual vacant, pe perioad\u0103 nedeterminat\u0103.<\/li><\/ul>\n\n\n\n<p>Condi\u021bii specifice de participare la concurs:<\/p>\n\n\n\n<p>&#8211; nivelul studiilor-superioare de lung\u0103 durat\u0103: absolvirea, cu diplom\u0103, a unei institu\u021bii de \u00eenv\u0103\u021b\u0103m\u00e2nt superior de profil (automatiz\u0103ri, calculatoare, informatic\u0103);<\/p>\n\n\n\n<p>&#8211; vechimea \u00een domeniu necesar\u0103 ocup\u0103rii postului \u2013 minim 2 ani;<\/p>\n\n\n\n<p>&#8211; cuno\u0219tin\u021be hardware (asamblare, actualizare\/upgrade hardware) \u0219i software (instalare sisteme de operare, drivere, programe etc.)<\/p>\n\n\n\n<p>&#8211; disponibilitate pentru program flexibil \u0219i lucru \u00een echip\u0103;<\/p>\n\n\n\n<p>Data, ora \u0219i locul de desf\u0103\u0219urare a concursului:<\/p>\n\n\n\n<p>&#8211; proba scris\u0103 \u00een data de 24.11.2022 ora 14.00, la sediul colegiului;<\/p>\n\n\n\n<p>&#8211; proba practic\u0103 \u00een data de 25.11.2022 ora 9.00, la sediul colegiului;<\/p>\n\n\n\n<p>&#8211; proba interviu \u00een data de 25.11.2022 ora 13.00, la sediul colegiului;<\/p>\n\n\n\n<p>Data limit\u0103 p\u00e2n\u0103 la care candida\u021bii vor depune dosarul de concurs este 15 noiembrie 2022, la sediul colegiului.<\/p>\n\n\n\n<p>Pentru a ocupa un post contractual vacant sau temporar vacant candida\u021bii trebuie s\u0103 \u00eendeplineasc\u0103 urm\u0103toarele condi\u021bii generale, conform art. 3 al Regulamentului-cadru aprobat prin Hot\u0103r\u00e2rea Guvernului nr. 286 din 23 martie 2011, cu modific\u0103rile \u0219i complet\u0103rile ulterioare:<\/p>\n\n\n\n<p>a) are cet\u0103\u021benia rom\u00e2n\u0103, cet\u0103\u021benie a altor state membre ale Uniunii Europene sau a statelor apar\u021bin\u00e2nd Spa\u021biului Economic European \u0219i domiciliul \u00een Rom\u00e2nia;<\/p>\n\n\n\n<p>b) cunoa\u0219te limba rom\u00e2n\u0103, scris \u0219i vorbit;<\/p>\n\n\n\n<p>c) are v\u00e2rsta minim\u0103 reglementat\u0103 de prevederile legale;<\/p>\n\n\n\n<p>d) are capacitate deplin\u0103 de exerci\u021biu;<\/p>\n\n\n\n<p>e) are o stare de s\u0103n\u0103tate corespunz\u0103toare postului pentru care candideaz\u0103, atestat\u0103 pe baza adeverin\u021bei medicale eliberate de medicul de familie sau de unit\u0103\u021bile sanitare abilitate;<\/p>\n\n\n\n<p>f) \u00eendepline\u0219te condi\u021biile de studii \u0219i, dup\u0103 caz, de vechime sau alte condi\u021bii specifice potrivit cerin\u021belor postului scos la concurs;<\/p>\n\n\n\n<p>g) nu a fost condamnat\u0103 definitiv pentru s\u0103v\u00e2r\u0219irea unei infrac\u021biuni contra umanit\u0103\u021bii, contra statului ori contra autorit\u0103\u021bii, de serviciu sau \u00een leg\u0103tur\u0103 cu serviciul, care \u00eempiedic\u0103 \u00eenf\u0103ptuirea justi\u021biei, de fals ori a unor fapte de corup\u021bie sau a unei infrac\u021biuni s\u0103v\u00e2r\u0219ite cu inten\u021bie, care ar face-o incompatibil\u0103 cu exercitarea func\u021biei, cu excep\u021bia situa\u021biei \u00een care a intervenit reabilitarea.<\/p>\n\n\n\n<p>Conform art. 6 al Regulamentului-cadru privind stabilirea principiilor generale de ocupare a unui post vacant sau temporar vacant corespunz\u0103tor func\u021biilor contractuale \u0219i a criteriilor de promovare \u00een grade sau trepte profesionale imediat superioare a personalului contractual din sectorul bugetar pl\u0103tit din fonduri publice, pentru \u00eenscrierea la concurs candida\u021bii vor prezenta un dosar de concurs care va con\u021bine urm\u0103toarele documente:<\/p>\n\n\n\n<ol class=\"wp-block-list\" type=\"1\"><li>cererea de \u00eenscriere la concurs adresat\u0103 conduc\u0103torului autorit\u0103\u021bii sau institu\u021biei publice organizatoare;<\/li><li>copia actului de identitate sau orice alt document care atest\u0103 identitatea, potrivit legii, dup\u0103 caz;<\/li><li>copiile documentelor care s\u0103 ateste nivelul studiilor \u0219i ale altor acte care atest\u0103 efectuarea unor specializ\u0103ri, precum \u0219i copiile documentelor care atest\u0103 \u00eendeplinirea condi\u021biilor specifice ale postului solicitate de autoritatea sau institu\u021bia public\u0103;<\/li><li>carnetul de munc\u0103 sau, dup\u0103 caz, extras REVISAL, adeverin\u021bele care atest\u0103 vechimea \u00een munc\u0103, \u00een meserie \u0219i\/sau \u00een specialitatea studiilor, \u00een copie;<\/li><li>cazierul judiciar sau o declara\u021bie pe propria r\u0103spundere c\u0103 nu are antecedente penale care s\u0103-l fac\u0103 incompatibil cu func\u021bia pentru care candideaz\u0103;<\/li><li>adeverin\u021b\u0103 medical\u0103 care s\u0103 ateste starea de s\u0103n\u0103tate corespunz\u0103toare eliberat\u0103 cu cel mult 6 luni anterior derul\u0103rii concursului de c\u0103tre medicul de familie al candidatului sau de c\u0103tre unit\u0103\u021bile sanitare abilitate;<\/li><li>curriculum vitae.<\/li><\/ol>\n\n\n\n<p>Adeverin\u021ba care atest\u0103 starea de s\u0103n\u0103tate con\u021bine, \u00een clar, num\u0103rul, data, numele emitentului \u0219i calitatea acestuia, \u00een formatul standard stabilit de Ministerul S\u0103n\u0103t\u0103\u021bii.<\/p>\n\n\n\n<p>\u00cen cazul \u00een care candidatul depune o declara\u021bie pe proprie r\u0103spundere c\u0103 nu are antecedente penale, \u00een cazul \u00een care este declarat admis la selec\u021bia dosarelor, acesta are obliga\u021bia de a completa dosarul de concurs cu originalul cazierului judiciar, cel mai t\u00e2rziu p\u00e2n\u0103 la data desf\u0103\u0219ur\u0103rii primei probe a concursului.<\/p>\n\n\n\n<p>Copia actului de identitate, copiile documentelor de studii \u0219i carnetul de munc\u0103 sau, dup\u0103 caz, adeverin\u021bele care atest\u0103 vechimea vor fi prezentate \u0219i \u00een original \u00een vederea verific\u0103rii conformit\u0103\u021bii copiilor cu acestea.<\/p>\n\n\n\n<p class=\"has-text-align-center\">Director,<\/p>\n\n\n\n<p class=\"has-text-align-center\">Prof. Daniela Dungeanu<\/p>\n\n\n\n<p><\/p>\n\n\n\n<p><strong>BIBLIOGRAFIA DE CONCURS<\/strong><\/p>\n\n\n\n<p><strong>Tematica<\/strong><\/p>\n\n\n\n<p>Instalare, configurare \u0219i depanare hardware \u0219i software (sta\u021bii de lucru);<\/p>\n\n\n\n<p>Instalare, configurare imprimante;<\/p>\n\n\n\n<p>Instalare \u0219i configurare sistem de operare Linux, Windows 7, 8, 10;<\/p>\n\n\n\n<p>Administrare sistem Linux, Windows;<\/p>\n\n\n\n<p>Instalare, configurare \u0219i utilizare Microsoft Office 2003, 2007, 2010, 2013, 2016, 2019 (Word, Excel, Power Point, Access);<\/p>\n\n\n\n<p>Securitate \u0219i mentenan\u021b\u0103, programe antivirus;<\/p>\n\n\n\n<p>Servicii (aplica\u021bii) Internet \u0219i protocoale la nivel de aplica\u021bie (e-mail, World Wide Web, transfer de fi\u0219iere, etc);<\/p>\n\n\n\n<p>Arhitectur\u0103 client-server; servere \u0219i programe client pentru serviciile Internet;<\/p>\n\n\n\n<p>Re\u021bele de comunicare LAN, WAN, Intranet, Internet;<\/p>\n\n\n\n<p>Echipamente de re\u021bea si comunica\u021bie.<\/p>\n\n\n\n<p><\/p>\n\n\n\n<p><strong>Bibliografie<\/strong><\/p>\n\n\n\n<p>Scott Mueller, PC &#8211; Depanare \u0219i modernizare &#8211; edi\u021bia a IV-a, Editura Teora<\/p>\n\n\n\n<p>Adrian Munteanu, Valerica Greavu-\u0218erban &#8211; Re\u021bele Windows. Servere \u0219i clien\u021bi. Exemple practice. Editura Polirom. Tehnologia Client\/server pentru to\u021bi, autor: Doug Lowe<\/p>\n\n\n\n<p>Utilizarea computerului \u2013 Windows 7, Editura Euroaptitudini S.A. Bucure\u0219ti<\/p>\n\n\n\n<p>Utilizarea computerului \u2013 Windows 8, Editura Euroaptitudini S.A. Bucure\u0219ti<\/p>\n\n\n\n<p>Editare de text \u2013 Microsoft Word 2013, Editura Euroaptitudini S.A. Bucure\u0219ti<\/p>\n\n\n\n<p>Calcul tabelar \u2013 Microsoft Excel 2013, Editura Euroaptitudini S.A. Bucure\u0219ti<\/p>\n\n\n\n<p>Microsoft Office &#8211; manual de utilizare (2007, 2010, 2013, 2016, 2019)<\/p>\n\n\n\n<p>Windows &#8211; manual de utilizare (7, 8, 10, 11)<\/p>\n\n\n\n<p>CERCHEZ Emanuela \u2013 Internet. Utilizarea re\u021belei Internet<\/p>\n\n\n\n<p>Fi\u0219a postului &#8211; informatician este disponibil\u0103 <a href=\"\/documente\/2022_nov_fisa_post_infromatician.pdf\" target=\"_blank\" rel=\"noreferrer noopener\">aici<\/a>.<\/p>\n","protected":false},"excerpt":{"rendered":"<p>&nbsp;&nbsp;&nbsp;&nbsp;&nbsp;&nbsp;&nbsp;&nbsp; Colegiul Na\u0163ional \u201dPetru Rare\u015f\u201d cu sediul \u00een Suceava, str. Mihai Viteazu nr. 24, jude\u021bul Suceava organizeaz\u0103 concurs, pentru ocuparea urm\u0103torului post contractual, aprobat prin H.G. 286\/2011, modificat\u0103 \u0219i completat\u0103 de &nbsp;H.G. 1027\/2014. Denumirea postului: informatician -1 post contractual vacant,<\/p>\n<div class=\"entry-read-more\"><a class=\"read-more-link\" href=\"https:\/\/cnprsv.ro\/?page_id=9974\">Read More<span class=\"cleanwp-sr-only\">  Anun\u021b concurs post vacant informatician 24-25 noiembrie 2022<\/span><\/a><\/div>\n","protected":false},"author":1,"featured_media":0,"parent":0,"menu_order":0,"comment_status":"closed","ping_status":"closed","template":"","meta":{"_editorskit_title_hidden":false,"_editorskit_reading_time":0,"_editorskit_is_block_options_detached":false,"_editorskit_block_options_position":"{}","footnotes":""},"class_list":["post-9974","page","type-page","status-publish","hentry"],"_links":{"self":[{"href":"https:\/\/cnprsv.ro\/index.php?rest_route=\/wp\/v2\/pages\/9974","targetHints":{"allow":["GET"]}}],"collection":[{"href":"https:\/\/cnprsv.ro\/index.php?rest_route=\/wp\/v2\/pages"}],"about":[{"href":"https:\/\/cnprsv.ro\/index.php?rest_route=\/wp\/v2\/types\/page"}],"author":[{"embeddable":true,"href":"https:\/\/cnprsv.ro\/index.php?rest_route=\/wp\/v2\/users\/1"}],"replies":[{"embeddable":true,"href":"https:\/\/cnprsv.ro\/index.php?rest_route=%2Fwp%2Fv2%2Fcomments&post=9974"}],"version-history":[{"count":2,"href":"https:\/\/cnprsv.ro\/index.php?rest_route=\/wp\/v2\/pages\/9974\/revisions"}],"predecessor-version":[{"id":9978,"href":"https:\/\/cnprsv.ro\/index.php?rest_route=\/wp\/v2\/pages\/9974\/revisions\/9978"}],"wp:attachment":[{"href":"https:\/\/cnprsv.ro\/index.php?rest_route=%2Fwp%2Fv2%2Fmedia&parent=9974"}],"curies":[{"name":"wp","href":"https:\/\/api.w.org\/{rel}","templated":true}]}}